{"id":23,"date":"2022-03-08T19:35:11","date_gmt":"2022-03-08T22:35:11","guid":{"rendered":"https:\/\/comissoes.uepb.edu.br\/heteroidentificacao\/?page_id=23"},"modified":"2022-03-08T19:39:42","modified_gmt":"2022-03-08T22:39:42","slug":"o-que-voce-precisa-saber-sobre-heteroidentificacao","status":"publish","type":"page","link":"https:\/\/comissoes.uepb.edu.br\/heteroidentificacao\/o-que-voce-precisa-saber-sobre-heteroidentificacao\/","title":{"rendered":"O que voc\u00ea precisa saber sobre Heteroidentifica\u00e7\u00e3o?"},"content":{"rendered":"<div class=\"wpb-content-wrapper\"><p>[vc_row css=&#8221;.vc_custom_1646779147199{margin-bottom: 60px !important;}&#8221;][vc_column][vc_column_text]A partir de 2022, com a implanta\u00e7\u00e3o das cotas para diferentes grupos humanos nos cursos de gradua\u00e7\u00e3o e p\u00f3s-gradua\u00e7\u00e3o da UEPB, as pessoas que se autodeclararem Negra(o): preto (a) ou pardo (a) passar\u00e3o pelo processo de Heteroidentifica\u00e7\u00e3o para concorrerem \u00e0s vagas na modalidade cotas raciais.[\/vc_column_text][\/vc_column][\/vc_row][vc_row][vc_column][vc_tta_accordion style=&#8221;modern&#8221; c_icon=&#8221;triangle&#8221; active_section=&#8221;1&#8243; collapsible_all=&#8221;true&#8221;][vc_tta_section title=&#8221;O que \u00e9 Heteroidentifica\u00e7\u00e3o?&#8221; tab_id=&#8221;1646778512952-7e19e0cd-2b5f&#8221;][vc_column_text]\u00c9 um procedimento complementar \u00e0 autodeclara\u00e7\u00e3o, que consiste na percep\u00e7\u00e3o social de outras pessoas sobre \u00e0 auto identifica\u00e7\u00e3o \u00e9tnico-racial.<br \/>\nTrata-se de um processo institucional, com base legal na Portaria Normativa n. 04 de abril de 2018 que regulamenta o procedimento de heteroidentifica\u00e7\u00e3o complementar \u00e0 autodeclara\u00e7\u00e3o de candidatos\/as negros\/as, para fins de preenchimento das vagas reservadas nos concursos p\u00fablicos federais, nos termos da Lei n\u00b0 12.990, de 9 de junho de 2014.[\/vc_column_text][\/vc_tta_section][vc_tta_section title=&#8221;Para que serve o processo de Heteroidentifica\u00e7\u00e3o?&#8221; tab_id=&#8221;1646778512963-0b8ab281-c0bb&#8221;][vc_column_text]Para garantir o acesso da popula\u00e7\u00e3o negra \u00e0 pol\u00edtica de a\u00e7\u00e3o afirmativa, na modalidade cota racial para o ingresso no ensino superior, conforme previsto na lei federal 12.711\/2012, evitando poss\u00edveis fraudes no acesso \u00e0s cotas raciais.[\/vc_column_text][\/vc_tta_section][vc_tta_section title=&#8221;Quem deve se submeter ao processo de Heteroidentifica\u00e7\u00e3o?&#8221; tab_id=&#8221;1646778584348-42221231-3313&#8243;][vc_column_text]A (O) candidata (o) que se autodeclarar Negra (o): preta (o) ou parda (o) para concorrer \u00e0s cotas e for classificado no Processo Seletivo.[\/vc_column_text][\/vc_tta_section][vc_tta_section title=&#8221;O procedimento ser\u00e1 presencial?&#8221; tab_id=&#8221;1646778587765-ef4002ea-b52d&#8221;][vc_column_text]N\u00e3o. Devido \u00e0 pandemia, neste ano de 2022, as bancas n\u00e3o ser\u00e3o presenciais. A aferi\u00e7\u00e3o ser\u00e1 realizada remotamente, por meio da INTERNET, em plataforma virtual com hor\u00e1rio previamente agendado e divulgado.[\/vc_column_text][\/vc_tta_section][vc_tta_section title=&#8221;Quem precisa se apresentar \u00e0 banca de Heteroidentifica\u00e7\u00e3o?&#8221; tab_id=&#8221;1646778588948-ab9c6ef0-7689&#8243;][vc_column_text]A (O) candidata (o) que se inscreveu no Processo Seletivo para as cotas de negras (os): pretas (os) e pardas (os) e foi classificada (o).<br \/>\nFique atenta (o) aos prazos do edital de convoca\u00e7\u00e3o e \u00e0 divulga\u00e7\u00e3o de data, hor\u00e1rio e link de acesso \u00e0 plataforma virtual de realiza\u00e7\u00e3o da banca de heteroidentifica\u00e7\u00e3o.[\/vc_column_text][\/vc_tta_section][vc_tta_section title=&#8221;Qual a minha responsabilidade para que o processo aconte\u00e7a?&#8221; tab_id=&#8221;1646778589600-7635078b-bbfa&#8221;][vc_column_text]a) Enviar a documenta\u00e7\u00e3o solicitada para o e-mail da Comiss\u00e3o de Heteroidentifica\u00e7\u00e3o;<br \/>\nb) Dispor da log\u00edstica para o momento da aferi\u00e7\u00e3o de sua autodeclara\u00e7\u00e3o (equipamento e internet de boa qualidade)<br \/>\nc) Comparecer no dia e hor\u00e1rio marcado para o procedimento, conforme divulgado no edital de convoca\u00e7\u00e3o.[\/vc_column_text][\/vc_tta_section][vc_tta_section title=&#8221;Como funciona a banca de Heteroidentifica\u00e7\u00e3o?&#8221; tab_id=&#8221;1646778777283-99dc481b-1d6f&#8221;][vc_column_text]O procedimento \u00e9 r\u00e1pido e simples e todas as orienta\u00e7\u00f5es ser\u00e3o repassadas antes do seu in\u00edcio. A Banca de Heteroidentifica\u00e7\u00e3o ser\u00e1 composta por 06 pessoas (cinco titulares e uma suplente), dentre professores\/as, pesquisadores\/as, integrantes de movimentos sociais, de n\u00facleos de estudos e servidores da institui\u00e7\u00e3o com comprovada capacidade para executar tal tarefa. Os nomes dos integrantes n\u00e3o poder\u00e3o ser divulgados previamente.<\/p>\n<p>A an\u00e1lise da banca baseia-se exclusivamente nos aspectos fen\u00f3tipos do (a) candidato (a), que \u00e9 o conjunto de caracter\u00edsticas vis\u00edveis, a exemplo de cor da pele, textura do cabelo, formatos do rosto, l\u00e1bios e nariz.<\/p>\n<p>A ascend\u00eancia n\u00e3o \u00e9 levada em conta, ou seja, n\u00e3o importa se a (o)\u00a0 andidata(o) tem m\u00e3e, pai, av\u00f3s ou bisav\u00f3s negras (os): pretas(os) ou pardas (os). Assim como, n\u00e3o ser\u00e3o considerados quaisquer registros (civis ou militares) ou documentos com essa afirma\u00e7\u00e3o. Tamb\u00e9m n\u00e3o ser\u00e3o aceitos pareceres de bancas de heteroidentifica\u00e7\u00e3o de outras institui\u00e7\u00f5es.[\/vc_column_text][\/vc_tta_section][vc_tta_section title=&#8221;Como a(o) candidata(o) deve se apresentar \u00e0 banca?&#8221; tab_id=&#8221;1646778835150-fc210974-2027&#8243;][vc_column_text]\u00c9 preciso utilizar uma boa c\u00e2mera durante o processo, postar-se em frente a um fundo branco e utilizar luz natural. \u00c9 necess\u00e1rio estar com o documento de identifica\u00e7\u00e3o em m\u00e3os, n\u00e3o usar adere\u00e7os como bon\u00e9s, chap\u00e9us, \u00f3culos escuros, maquiagem.[\/vc_column_text][\/vc_tta_section][vc_tta_section title=&#8221;Sobre o resultado&#8221; tab_id=&#8221;1646778883649-87010d22-2ba9&#8243;][vc_column_text]O resultado do processo ser\u00e1 divulgado no site da UEPB, conforme cronograma do edital de convoca\u00e7\u00e3o.[\/vc_column_text][\/vc_tta_section][\/vc_tta_accordion][\/vc_column][\/vc_row]<\/p>\n<\/div>","protected":false},"excerpt":{"rendered":"<p>[vc_row css=&#8221;.vc_custom_1646779147199{margin-bottom: 60px !important;}&#8221;][vc_column][vc_column_text]A partir de 2022, com a implanta\u00e7\u00e3o das cotas para diferentes grupos humanos nos cursos de gradua\u00e7\u00e3o e p\u00f3s-gradua\u00e7\u00e3o da UEPB, as pessoas que se autodeclararem Negra(o): preto (a) ou pardo (a) passar\u00e3o pelo processo de Heteroidentifica\u00e7\u00e3o para concorrerem \u00e0s vagas na modalidade cotas raciais.[\/vc_column_text][\/vc_column][\/vc_row][vc_row][vc_column][vc_tta_accordion style=&#8221;modern&#8221; c_icon=&#8221;triangle&#8221; active_section=&#8221;1&#8243; collapsible_all=&#8221;true&#8221;][vc_tta_section title=&#8221;O que \u00e9 <a class=\"leiamais\" href=\"https:\/\/comissoes.uepb.edu.br\/heteroidentificacao\/o-que-voce-precisa-saber-sobre-heteroidentificacao\/\">Leia Mais&#8230;<\/a><\/p>\n","protected":false},"author":9,"featured_media":0,"parent":0,"menu_order":0,"comment_status":"closed","ping_status":"closed","template":"page-sem-espacamento.php","meta":{"_acf_changed":false,"footnotes":""},"class_list":["post-23","page","type-page","status-publish","hentry"],"acf":[],"_links":{"self":[{"href":"https:\/\/comissoes.uepb.edu.br\/heteroidentificacao\/wp-json\/wp\/v2\/pages\/23","targetHints":{"allow":["GET"]}}],"collection":[{"href":"https:\/\/comissoes.uepb.edu.br\/heteroidentificacao\/wp-json\/wp\/v2\/pages"}],"about":[{"href":"https:\/\/comissoes.uepb.edu.br\/heteroidentificacao\/wp-json\/wp\/v2\/types\/page"}],"author":[{"embeddable":true,"href":"https:\/\/comissoes.uepb.edu.br\/heteroidentificacao\/wp-json\/wp\/v2\/users\/9"}],"replies":[{"embeddable":true,"href":"https:\/\/comissoes.uepb.edu.br\/heteroidentificacao\/wp-json\/wp\/v2\/comments?post=23"}],"version-history":[{"count":5,"href":"https:\/\/comissoes.uepb.edu.br\/heteroidentificacao\/wp-json\/wp\/v2\/pages\/23\/revisions"}],"predecessor-version":[{"id":28,"href":"https:\/\/comissoes.uepb.edu.br\/heteroidentificacao\/wp-json\/wp\/v2\/pages\/23\/revisions\/28"}],"wp:attachment":[{"href":"https:\/\/comissoes.uepb.edu.br\/heteroidentificacao\/wp-json\/wp\/v2\/media?parent=23"}],"curies":[{"name":"wp","href":"https:\/\/api.w.org\/{rel}","templated":true}]}}