{"id":18,"date":"2022-03-08T19:18:57","date_gmt":"2022-03-08T22:18:57","guid":{"rendered":"https:\/\/comissoes.uepb.edu.br\/heteroidentificacao\/?page_id=18"},"modified":"2022-03-08T19:24:49","modified_gmt":"2022-03-08T22:24:49","slug":"atribuicoes","status":"publish","type":"page","link":"https:\/\/comissoes.uepb.edu.br\/heteroidentificacao\/atribuicoes\/","title":{"rendered":"Atribui\u00e7\u00f5es"},"content":{"rendered":"<div class=\"wpb-content-wrapper\"><p>[vc_row css=&#8221;.vc_custom_1646778286860{margin-bottom: 60px !important;}&#8221;][vc_column el_class=&#8221;conf-azul&#8221; css=&#8221;.vc_custom_1646777933018{padding-bottom: 20px !important;}&#8221;][vc_text_separator title=&#8221;Atribui\u00e7\u00f5es da Comiss\u00e3o de Heteroidentifica\u00e7\u00e3o&#8221; i_icon_fontawesome=&#8221;fas fa-user-plus&#8221; i_color=&#8221;custom&#8221; title_align=&#8221;separator_align_left&#8221; add_icon=&#8221;true&#8221; i_custom_color=&#8221;#2d95bf&#8221;][vc_column_text]<\/p>\n<ul>\n<li>Organizar as bancas de heteroidentifica\u00e7\u00e3o \u2013 espec\u00edfica e recursal &#8211; para aferir a autodeclara\u00e7\u00e3o de estudantes que se candidataram a vagas por cotas raciais, nos processos seletivos dos cursos presenciais de gradua\u00e7\u00e3o e de p\u00f3s-gradua\u00e7\u00e3o;<\/li>\n<li>Elaborar modelos de autodeclara\u00e7\u00e3o, termos de autoriza\u00e7\u00e3o de uso de imagem,<br \/>\ntermos de confidencialidade e modelo de parecer para as Bancas de<br \/>\nHeteroidentifica\u00e7\u00e3o;<\/li>\n<li>Organizar a execu\u00e7\u00e3o dos protocolos e condi\u00e7\u00f5es t\u00e9cnicas necess\u00e1rias para<br \/>\noperacionaliza\u00e7\u00e3o dos procedimentos para verifica\u00e7\u00e3o e valida\u00e7\u00e3o das<br \/>\nautodeclara\u00e7\u00f5es apresentadas;<\/li>\n<li>Organizar, coordenar e\/ou executar cursos, oficinas e\/ou outras atividades de<br \/>\ncapacita\u00e7\u00e3o para integrantes das bancas de heteroidentifica\u00e7\u00e3o;<\/li>\n<li>Encaminhar para a banca recursal os recursos interpostos em face das decis\u00f5es da banca espec\u00edfica.<\/li>\n<\/ul>\n<p>[\/vc_column_text][\/vc_column][\/vc_row]<\/p>\n<\/div>","protected":false},"excerpt":{"rendered":"<p>[vc_row css=&#8221;.vc_custom_1646778286860{margin-bottom: 60px !important;}&#8221;][vc_column el_class=&#8221;conf-azul&#8221; css=&#8221;.vc_custom_1646777933018{padding-bottom: 20px !important;}&#8221;][vc_text_separator title=&#8221;Atribui\u00e7\u00f5es da Comiss\u00e3o de Heteroidentifica\u00e7\u00e3o&#8221; i_icon_fontawesome=&#8221;fas fa-user-plus&#8221; i_color=&#8221;custom&#8221; title_align=&#8221;separator_align_left&#8221; add_icon=&#8221;true&#8221; i_custom_color=&#8221;#2d95bf&#8221;][vc_column_text] Organizar as bancas de heteroidentifica\u00e7\u00e3o \u2013 espec\u00edfica e recursal &#8211; para aferir a autodeclara\u00e7\u00e3o de estudantes que se candidataram a vagas por cotas raciais, nos processos seletivos dos cursos presenciais de gradua\u00e7\u00e3o e de p\u00f3s-gradua\u00e7\u00e3o; Elaborar <a class=\"leiamais\" href=\"https:\/\/comissoes.uepb.edu.br\/heteroidentificacao\/atribuicoes\/\">Leia Mais&#8230;<\/a><\/p>\n","protected":false},"author":9,"featured_media":0,"parent":0,"menu_order":0,"comment_status":"closed","ping_status":"closed","template":"page-sem-espacamento.php","meta":{"_acf_changed":false,"footnotes":""},"class_list":["post-18","page","type-page","status-publish","hentry"],"acf":[],"_links":{"self":[{"href":"https:\/\/comissoes.uepb.edu.br\/heteroidentificacao\/wp-json\/wp\/v2\/pages\/18","targetHints":{"allow":["GET"]}}],"collection":[{"href":"https:\/\/comissoes.uepb.edu.br\/heteroidentificacao\/wp-json\/wp\/v2\/pages"}],"about":[{"href":"https:\/\/comissoes.uepb.edu.br\/heteroidentificacao\/wp-json\/wp\/v2\/types\/page"}],"author":[{"embeddable":true,"href":"https:\/\/comissoes.uepb.edu.br\/heteroidentificacao\/wp-json\/wp\/v2\/users\/9"}],"replies":[{"embeddable":true,"href":"https:\/\/comissoes.uepb.edu.br\/heteroidentificacao\/wp-json\/wp\/v2\/comments?post=18"}],"version-history":[{"count":3,"href":"https:\/\/comissoes.uepb.edu.br\/heteroidentificacao\/wp-json\/wp\/v2\/pages\/18\/revisions"}],"predecessor-version":[{"id":21,"href":"https:\/\/comissoes.uepb.edu.br\/heteroidentificacao\/wp-json\/wp\/v2\/pages\/18\/revisions\/21"}],"wp:attachment":[{"href":"https:\/\/comissoes.uepb.edu.br\/heteroidentificacao\/wp-json\/wp\/v2\/media?parent=18"}],"curies":[{"name":"wp","href":"https:\/\/api.w.org\/{rel}","templated":true}]}}