{"id":22,"date":"2022-03-18T00:28:23","date_gmt":"2022-03-18T03:28:23","guid":{"rendered":"https:\/\/comissoes.uepb.edu.br\/cppta\/?page_id=22"},"modified":"2026-02-24T10:53:22","modified_gmt":"2026-02-24T13:53:22","slug":"composicao","status":"publish","type":"page","link":"https:\/\/comissoes.uepb.edu.br\/cppta\/composicao\/","title":{"rendered":"Composi\u00e7\u00e3o"},"content":{"rendered":"<div class=\"wpb-content-wrapper\"><p>[vc_row][vc_column][vc_column_text css=&#8221;&#8221;]<\/p>\n<p><img loading=\"lazy\" decoding=\"async\" class=\"size-medium wp-image-625 alignleft img-responsive\" src=\"https:\/\/comissoes.uepb.edu.br\/cppta\/wp-content\/uploads\/sites\/2\/2023\/11\/Isabelly-169x300.jpg\" alt=\"\" width=\"169\" height=\"300\" srcset=\"https:\/\/comissoes.uepb.edu.br\/cppta\/wp-content\/uploads\/sites\/2\/2023\/11\/Isabelly-169x300.jpg 169w, https:\/\/comissoes.uepb.edu.br\/cppta\/wp-content\/uploads\/sites\/2\/2023\/11\/Isabelly-575x1024.jpg 575w, https:\/\/comissoes.uepb.edu.br\/cppta\/wp-content\/uploads\/sites\/2\/2023\/11\/Isabelly-370x659.jpg 370w, https:\/\/comissoes.uepb.edu.br\/cppta\/wp-content\/uploads\/sites\/2\/2023\/11\/Isabelly.jpg 719w\" sizes=\"auto, (max-width: 169px) 100vw, 169px\" \/><strong>Isabelly Cristiany Chaves Lima<\/strong> &#8211; Matr\u00edcula 1.02616-6 \u2013 Presidente<\/p>\n<p>Auxiliar de Biblioteca, lotada na Coordenadoria de Bibliotecas, com exerc\u00edcio na Biblioteca de Obras Raras \u00c1tila Almeida. Mestre em Literatura e Interculturalidade e Doutora em Ci\u00eancias Sociais.<\/p>\n<p>&nbsp;<\/p>\n<p>&nbsp;<\/p>\n<p>&nbsp;<\/p>\n<p>&nbsp;<\/p>\n<p>&nbsp;<\/p>\n<p>&nbsp;<\/p>\n<p>&nbsp;<\/p>\n<p><img loading=\"lazy\" decoding=\"async\" class=\"size-medium wp-image-833 alignleft img-responsive\" src=\"https:\/\/comissoes.uepb.edu.br\/cppta\/wp-content\/uploads\/sites\/2\/2026\/02\/WhatsApp-Image-2026-02-23-at-14.51.42-225x300.jpeg\" alt=\"\" width=\"225\" height=\"300\" srcset=\"https:\/\/comissoes.uepb.edu.br\/cppta\/wp-content\/uploads\/sites\/2\/2026\/02\/WhatsApp-Image-2026-02-23-at-14.51.42-225x300.jpeg 225w, https:\/\/comissoes.uepb.edu.br\/cppta\/wp-content\/uploads\/sites\/2\/2026\/02\/WhatsApp-Image-2026-02-23-at-14.51.42-597x796.jpeg 597w, https:\/\/comissoes.uepb.edu.br\/cppta\/wp-content\/uploads\/sites\/2\/2026\/02\/WhatsApp-Image-2026-02-23-at-14.51.42.jpeg 960w\" sizes=\"auto, (max-width: 225px) 100vw, 225px\" \/> <strong>Alindembergue de Ara\u00fajo Oliveira \u2013 <\/strong>matr\u00edcula 1028677 \u2013 Vice-Presidente<\/p>\n<p>Assistente Administrativo lotado no Centro de Educa\u00e7\u00e3o &#8211; CEDUC e com ingresso em 2012. Possui gradua\u00e7\u00e3o em Gest\u00e3o P\u00fablica pela UEPB e Especializa\u00e7\u00e3o em Gest\u00e3o em Administra\u00e7\u00e3o P\u00fablica pela Universidade Estadual da Para\u00edba \/ Escola de Servi\u00e7o P\u00fablico do Estado da Para\u00edba &#8211; ESPEP.<\/p>\n<p>&nbsp;<\/p>\n<p>&nbsp;<\/p>\n<p>&nbsp;<\/p>\n<p>&nbsp;<\/p>\n<p>&nbsp;<\/p>\n<p>&nbsp;<\/p>\n<p>&nbsp;<\/p>\n<p><b><img loading=\"lazy\" decoding=\"async\" class=\"size-medium wp-image-630 alignleft img-responsive\" src=\"https:\/\/comissoes.uepb.edu.br\/cppta\/wp-content\/uploads\/sites\/2\/2023\/11\/Aurea-169x300.jpg\" alt=\"\" width=\"169\" height=\"300\" srcset=\"https:\/\/comissoes.uepb.edu.br\/cppta\/wp-content\/uploads\/sites\/2\/2023\/11\/Aurea-169x300.jpg 169w, https:\/\/comissoes.uepb.edu.br\/cppta\/wp-content\/uploads\/sites\/2\/2023\/11\/Aurea-576x1024.jpg 576w, https:\/\/comissoes.uepb.edu.br\/cppta\/wp-content\/uploads\/sites\/2\/2023\/11\/Aurea-768x1365.jpg 768w, https:\/\/comissoes.uepb.edu.br\/cppta\/wp-content\/uploads\/sites\/2\/2023\/11\/Aurea-864x1536.jpg 864w, https:\/\/comissoes.uepb.edu.br\/cppta\/wp-content\/uploads\/sites\/2\/2023\/11\/Aurea-370x658.jpg 370w, https:\/\/comissoes.uepb.edu.br\/cppta\/wp-content\/uploads\/sites\/2\/2023\/11\/Aurea-840x1493.jpg 840w, https:\/\/comissoes.uepb.edu.br\/cppta\/wp-content\/uploads\/sites\/2\/2023\/11\/Aurea.jpg 900w\" sizes=\"auto, (max-width: 169px) 100vw, 169px\" \/><\/b><\/p>\n<p>&nbsp;<\/p>\n<p><b>Cleonice \u00c1urea Gomes de Lucena <\/b>&#8211; Matr\u00edcula 1.05516-4 &#8211; Secret\u00e1ria<\/p>\n<p>Servidora t\u00e9cnica da UEPB, lotada na Pr\u00f3-Reitoria de Gest\u00e3o de Pessoas. Administradora e Mestre em Desenvolvimento Regional.<\/p>\n<p>&nbsp;<\/p>\n<p>&nbsp;<\/p>\n<p>&nbsp;<\/p>\n<p>&nbsp;<\/p>\n<p>&nbsp;<\/p>\n<p>&nbsp;<\/p>\n<p>&nbsp;<\/p>\n<p><strong>Hilaiana Batista Viana Ara\u00fajo &#8211; <\/strong>Matr\u00edcula 1.05530-8 &#8211; membro suplente<\/p>\n<p>Assistente t\u00e9cnica lotada na COBIB.[\/vc_column_text][\/vc_column][\/vc_row]<\/p>\n<\/div>","protected":false},"excerpt":{"rendered":"<p>[vc_row][vc_column][vc_column_text css=&#8221;&#8221;] Isabelly Cristiany Chaves Lima &#8211; Matr\u00edcula 1.02616-6 \u2013 Presidente Auxiliar de Biblioteca, lotada na Coordenadoria de Bibliotecas, com exerc\u00edcio na Biblioteca de Obras Raras \u00c1tila Almeida. Mestre em Literatura e Interculturalidade e Doutora em Ci\u00eancias Sociais. &nbsp; &nbsp; &nbsp; &nbsp; &nbsp; &nbsp; &nbsp; Alindembergue de Ara\u00fajo Oliveira \u2013 matr\u00edcula 1028677 \u2013 Vice-Presidente Assistente <a class=\"leiamais\" href=\"https:\/\/comissoes.uepb.edu.br\/cppta\/composicao\/\">Leia Mais&#8230;<\/a><\/p>\n","protected":false},"author":2,"featured_media":0,"parent":0,"menu_order":0,"comment_status":"closed","ping_status":"open","template":"","meta":{"_acf_changed":false,"jetpack_post_was_ever_published":false,"footnotes":""},"class_list":["post-22","page","type-page","status-publish","hentry"],"acf":[],"jetpack_sharing_enabled":true,"jetpack_shortlink":"https:\/\/wp.me\/P7WTWV-m","_links":{"self":[{"href":"https:\/\/comissoes.uepb.edu.br\/cppta\/wp-json\/wp\/v2\/pages\/22","targetHints":{"allow":["GET"]}}],"collection":[{"href":"https:\/\/comissoes.uepb.edu.br\/cppta\/wp-json\/wp\/v2\/pages"}],"about":[{"href":"https:\/\/comissoes.uepb.edu.br\/cppta\/wp-json\/wp\/v2\/types\/page"}],"author":[{"embeddable":true,"href":"https:\/\/comissoes.uepb.edu.br\/cppta\/wp-json\/wp\/v2\/users\/2"}],"replies":[{"embeddable":true,"href":"https:\/\/comissoes.uepb.edu.br\/cppta\/wp-json\/wp\/v2\/comments?post=22"}],"version-history":[{"count":22,"href":"https:\/\/comissoes.uepb.edu.br\/cppta\/wp-json\/wp\/v2\/pages\/22\/revisions"}],"predecessor-version":[{"id":834,"href":"https:\/\/comissoes.uepb.edu.br\/cppta\/wp-json\/wp\/v2\/pages\/22\/revisions\/834"}],"wp:attachment":[{"href":"https:\/\/comissoes.uepb.edu.br\/cppta\/wp-json\/wp\/v2\/media?parent=22"}],"curies":[{"name":"wp","href":"https:\/\/api.w.org\/{rel}","templated":true}]}}