{"id":38,"date":"2014-08-12T13:58:21","date_gmt":"2014-08-12T13:58:21","guid":{"rendered":"https:\/\/comissoes.uepb.edu.br\/cppd\/?page_id=38"},"modified":"2025-04-23T11:37:59","modified_gmt":"2025-04-23T14:37:59","slug":"contatos","status":"publish","type":"page","link":"https:\/\/comissoes.uepb.edu.br\/cppd\/contatos\/","title":{"rendered":"Contatos"},"content":{"rendered":"<p>Comiss\u00e3o Permanente de Pessoal Docente \u2013 CPPD<br \/>\nAvenida Dr. Francisco Pinto Oliveira, 317, T\u00e9rreo, Bairro Universit\u00e1rio &#8211; Campina Grande- PB<br \/>\nTelefone\/whatsapp: (0XX83) 3315.3374<\/p>\n<p>E-mail: cppd@setor.uepb.edu.br<br \/>\nHor\u00e1rio de Atendimento: das 8h \u00e0s 17h<br \/>\nSecret\u00e1ria Administrativa: Aluska Tatiane Cabral Oliveira<\/p>\n","protected":false},"excerpt":{"rendered":"<p>Comiss\u00e3o Permanente de Pessoal Docente \u2013 CPPD Avenida Dr. Francisco Pinto Oliveira, 317, T\u00e9rreo, Bairro Universit\u00e1rio &#8211; Campina Grande- PB Telefone\/whatsapp: (0XX83) 3315.3374 E-mail: cppd@setor.uepb.edu.br Hor\u00e1rio de Atendimento: das 8h \u00e0s 17h Secret\u00e1ria Administrativa: Aluska Tatiane Cabral Oliveira<\/p>\n","protected":false},"author":4,"featured_media":0,"parent":0,"menu_order":0,"comment_status":"open","ping_status":"open","template":"","meta":{"_acf_changed":false,"jetpack_post_was_ever_published":false,"footnotes":""},"class_list":["post-38","page","type-page","status-publish","hentry"],"acf":[],"jetpack_sharing_enabled":true,"jetpack_shortlink":"https:\/\/wp.me\/P7WTXz-C","_links":{"self":[{"href":"https:\/\/comissoes.uepb.edu.br\/cppd\/wp-json\/wp\/v2\/pages\/38","targetHints":{"allow":["GET"]}}],"collection":[{"href":"https:\/\/comissoes.uepb.edu.br\/cppd\/wp-json\/wp\/v2\/pages"}],"about":[{"href":"https:\/\/comissoes.uepb.edu.br\/cppd\/wp-json\/wp\/v2\/types\/page"}],"author":[{"embeddable":true,"href":"https:\/\/comissoes.uepb.edu.br\/cppd\/wp-json\/wp\/v2\/users\/4"}],"replies":[{"embeddable":true,"href":"https:\/\/comissoes.uepb.edu.br\/cppd\/wp-json\/wp\/v2\/comments?post=38"}],"version-history":[{"count":5,"href":"https:\/\/comissoes.uepb.edu.br\/cppd\/wp-json\/wp\/v2\/pages\/38\/revisions"}],"predecessor-version":[{"id":530,"href":"https:\/\/comissoes.uepb.edu.br\/cppd\/wp-json\/wp\/v2\/pages\/38\/revisions\/530"}],"wp:attachment":[{"href":"https:\/\/comissoes.uepb.edu.br\/cppd\/wp-json\/wp\/v2\/media?parent=38"}],"curies":[{"name":"wp","href":"https:\/\/api.w.org\/{rel}","templated":true}]}}