{"id":22,"date":"2014-08-12T13:34:26","date_gmt":"2014-08-12T13:34:26","guid":{"rendered":"https:\/\/comissoes.uepb.edu.br\/cppd\/?page_id=22"},"modified":"2014-08-12T13:34:26","modified_gmt":"2014-08-12T13:34:26","slug":"sobre","status":"publish","type":"page","link":"https:\/\/comissoes.uepb.edu.br\/cppd\/sobre\/","title":{"rendered":"Sobre"},"content":{"rendered":"<p>A Comiss\u00e3o Permanente de Pessoal Docente \u2013 CPPD \u00e9 \u00f3rg\u00e3o respons\u00e1vel pelo assessoramento, acompanhamento e supervis\u00e3o do desempenho e da pol\u00edtica de pessoal docente, est\u00e1 vinculada \u00e0 Reitoria e atua em conjunto com a Pr\u00f3-Reitoria de Recursos Humanos, estando regulamentada pela RESOLU\u00c7\u00c3O\/UEPB\/CONSEPE\/008\/2010.<\/p>\n<p><strong>\u00c9 Compet\u00eancia da CPPD<\/strong><\/p>\n<ul>\n<li>Apreciar, acompanhar e emitir pareceres para decis\u00e3o dos Conselhos Superiores CONSUNI e CONSEPE, do(a) Reitor(a) ou do(a) Pr\u00f3-Reitor(a) de Recursos Humanos em assuntos referentes a:\n<ul>\n<li>Altera\u00e7\u00e3o do Regime de Trabalho de docentes.<\/li>\n<li>Progress\u00e3o Funcional de docentes entre n\u00edveis e classes da Carreira do Magist\u00e9rio.<\/li>\n<li>Proposi\u00e7\u00e3o de modifica\u00e7\u00f5es no Plano de Cargos, Carreira e Remunera\u00e7\u00e3o \u2013 PCCR, regido pela Lei 8.441 de 28\/12\/2007.<\/li>\n<\/ul>\n<\/li>\n<li>Desenvolver estudos para manter atualizada a pol\u00edtica de pessoal docente em geral e a pol\u00edtica salarial em especial.<\/li>\n<li>Colaborar com a Reitoria e a Pr\u00f3-Reitoria de Recursos Humanos na solu\u00e7\u00e3o dos problemas de ordem funcional do pessoal docente.<\/li>\n<li>Acompanhar e avaliar os relat\u00f3rios anuais dos docentes apresentados aos seus respectivos Departamentos ou unidades de lota\u00e7\u00e3o.<\/li>\n<\/ul>\n","protected":false},"excerpt":{"rendered":"<p>A Comiss\u00e3o Permanente de Pessoal Docente \u2013 CPPD \u00e9 \u00f3rg\u00e3o respons\u00e1vel pelo assessoramento, acompanhamento e supervis\u00e3o do desempenho e da pol\u00edtica de pessoal docente, est\u00e1 vinculada \u00e0 Reitoria e atua em conjunto com a Pr\u00f3-Reitoria de Recursos Humanos, estando regulamentada pela RESOLU\u00c7\u00c3O\/UEPB\/CONSEPE\/008\/2010. \u00c9 Compet\u00eancia da CPPD Apreciar, acompanhar e emitir pareceres para decis\u00e3o dos Conselhos <a class=\"leiamais\" href=\"https:\/\/comissoes.uepb.edu.br\/cppd\/sobre\/\">Leia Mais&#8230;<\/a><\/p>\n","protected":false},"author":1,"featured_media":0,"parent":0,"menu_order":0,"comment_status":"open","ping_status":"open","template":"","meta":{"_acf_changed":false,"jetpack_post_was_ever_published":false,"footnotes":""},"class_list":["post-22","page","type-page","status-publish","hentry"],"acf":[],"jetpack_sharing_enabled":true,"jetpack_shortlink":"https:\/\/wp.me\/P7WTXz-m","_links":{"self":[{"href":"https:\/\/comissoes.uepb.edu.br\/cppd\/wp-json\/wp\/v2\/pages\/22","targetHints":{"allow":["GET"]}}],"collection":[{"href":"https:\/\/comissoes.uepb.edu.br\/cppd\/wp-json\/wp\/v2\/pages"}],"about":[{"href":"https:\/\/comissoes.uepb.edu.br\/cppd\/wp-json\/wp\/v2\/types\/page"}],"author":[{"embeddable":true,"href":"https:\/\/comissoes.uepb.edu.br\/cppd\/wp-json\/wp\/v2\/users\/1"}],"replies":[{"embeddable":true,"href":"https:\/\/comissoes.uepb.edu.br\/cppd\/wp-json\/wp\/v2\/comments?post=22"}],"version-history":[{"count":0,"href":"https:\/\/comissoes.uepb.edu.br\/cppd\/wp-json\/wp\/v2\/pages\/22\/revisions"}],"wp:attachment":[{"href":"https:\/\/comissoes.uepb.edu.br\/cppd\/wp-json\/wp\/v2\/media?parent=22"}],"curies":[{"name":"wp","href":"https:\/\/api.w.org\/{rel}","templated":true}]}}