{"id":16,"date":"2020-03-05T13:27:22","date_gmt":"2020-03-05T16:27:22","guid":{"rendered":"https:\/\/comissoes.uepb.edu.br\/cpia\/?page_id=16"},"modified":"2020-03-05T13:27:23","modified_gmt":"2020-03-05T16:27:23","slug":"legislacao","status":"publish","type":"page","link":"https:\/\/comissoes.uepb.edu.br\/cpia\/legislacao\/","title":{"rendered":"Legisla\u00e7\u00e3o"},"content":{"rendered":"\n<ul class=\"wp-block-list\"><li><a href=\"http:\/\/www.planalto.gov.br\/ccivil_03\/constituicao\/constituicao.htm\">Constitui\u00e7\u00e3o Federal<\/a><\/li><li><a href=\"http:\/\/www.al.pb.leg.br\/wp-content\/uploads\/2017\/02\/Constitui%C3%A7%C3%A3o-Estadual-Atualizada-at%C3%A9-a-Emenda-40-de-2015.pdf\">Constitui\u00e7\u00e3o do Estado da Para\u00edba<\/a><\/li><li><a href=\"http:\/\/www.planalto.gov.br\/ccivil_03\/leis\/l9784.htm\">Lei n\u00ba 9.784, de 25 de janeiro de 1999<\/a> <\/li><li><a href=\"http:\/\/static.paraiba.pb.gov.br\/2015\/01\/Diario-Oficial-21-01-2015.pdf\">Lei Complementar n\u00ba 127, de 20 de janeiro de 2015 (Lei de Ass\u00e9dio Moral)<\/a> <\/li><li> <a rel=\"noreferrer noopener\" aria-label=\"Regimento Geral da UEPB (abre numa nova aba)\" href=\"http:\/\/static.paraiba.pb.gov.br\/2015\/01\/Diario-Oficial-21-01-2015.pdf\" target=\"_blank\">Regimento Geral da UEPB<\/a><\/li><li> <a rel=\"noreferrer noopener\" aria-label=\"Estatuto da UEPB (abre numa nova aba)\" href=\"http:\/\/www.uepb.edu.br\/download\/portaria-gr-0441-2017-estatuto-da-uepb\/\" target=\"_blank\">Estatuto da UEPB<\/a><\/li><li> <a rel=\"noreferrer noopener\" aria-label=\" (abre numa nova aba)\" href=\"https:\/\/pge.pb.gov.br\/menu-principal\/legislacao\/lei-complementar-no-58-de-30-de-dezembro-de-2003\/view\" target=\"_blank\">Lei Complementar n\u00ba 58, de 30 de dezembro de 2003<\/a><\/li><li> <a href=\"http:\/\/www.planalto.gov.br\/ccivil_03\/_ato2011-2014\/2011\/lei\/l12527.htm\">Lei n\u00ba 12.527, de 18 de novembro de 2011 (Lei de Acesso \u00e0 Informa\u00e7\u00e3o)<\/a><\/li><li><a rel=\"noreferrer noopener\" aria-label=\"Lei n\u00ba 8.429, de 2 de junho de 1992 (Lei de Improbidade Administrativa) (abre numa nova aba)\" href=\"http:\/\/www.planalto.gov.br\/ccivil_03\/LEIS\/L8429.htm\" target=\"_blank\">Lei n\u00ba 8.429, de 2 de junho de 1992 (Lei de Improbidade Administrativa)<\/a><\/li><li><a rel=\"noreferrer noopener\" aria-label=\"Decreto n\u00ba 1.171, de 22 de junho de 1994 (C\u00f3digo de \u00c9tica Profissional do Servidor P\u00fablico) (abre numa nova aba)\" href=\"http:\/\/www.planalto.gov.br\/ccivil_03\/decreto\/d1171.htm\" target=\"_blank\">Decreto n\u00ba 1.171, de 22 de junho de 1994 (C\u00f3digo de \u00c9tica Profissional do Servidor P\u00fablico)<\/a><\/li><li> <a href=\"http:\/\/www.planalto.gov.br\/ccivil_03\/leis\/l8112cons.htm\">Lei n\u00ba 8.112, de 11 de dezembro de 1990<\/a> <\/li><li> <a rel=\"noreferrer noopener\" aria-label=\" (abre numa nova aba)\" href=\"http:\/\/www.in.gov.br\/web\/dou\/-\/instrucao-normativa-n-92-de-17-de-dezembro-de-2018-55878216\" target=\"_blank\">Instru\u00e7\u00e3o Normativa n\u00ba 92, de 17 de dezembro de 2018<\/a><\/li><li> <a href=\"https:\/\/nacoesunidas.org\/wp-content\/uploads\/2018\/10\/DUDH.pdf\">Declara\u00e7\u00e3o Universal dos Direitos Humanos<\/a>   <\/li><li> <a href=\"http:\/\/www.planalto.gov.br\/ccivil_03\/leis\/lcp\/lcp101.htm\">Lei Complementar n\u00ba 101, de 4 de maio de 2000 (Lei de Transpar\u00eancia)<\/a><\/li><li><a rel=\"noreferrer noopener\" aria-label=\"Manual de Processo Administrativo Disciplinar (abre numa nova aba)\" href=\"https:\/\/repositorio.cgu.gov.br\/bitstream\/1\/30486\/5\/manual_pad_mai-2019%20%281%29.pdf\" target=\"_blank\">Manual de Processo Administrativo Disciplinar<\/a> <\/li><li><a href=\"https:\/\/tce.pb.gov.br\/publicacoes\/cartilhas-manuais-e-orientacoes\/cartilhas-de-acumulacoes-2017\" target=\"_blank\" rel=\"noreferrer noopener\" aria-label=\"Cartilhas de Acumula\u00e7\u00f5es (abre numa nova aba)\">Cartilhas de Acumula\u00e7\u00f5es<\/a> <\/li><\/ul>\n","protected":false},"excerpt":{"rendered":"<p>Constitui\u00e7\u00e3o Federal Constitui\u00e7\u00e3o do Estado da Para\u00edba Lei n\u00ba 9.784, de 25 de janeiro de 1999 Lei Complementar n\u00ba 127, de 20 de janeiro de 2015 (Lei de Ass\u00e9dio Moral) Regimento Geral da UEPB Estatuto da UEPB Lei Complementar n\u00ba 58, de 30 de dezembro de 2003 Lei n\u00ba 12.527, de 18 de novembro de <a class=\"leiamais\" href=\"https:\/\/comissoes.uepb.edu.br\/cpia\/legislacao\/\">Leia Mais&#8230;<\/a><\/p>\n","protected":false},"author":5,"featured_media":0,"parent":0,"menu_order":0,"comment_status":"closed","ping_status":"closed","template":"","meta":{"_acf_changed":false,"footnotes":""},"class_list":["post-16","page","type-page","status-publish","hentry"],"acf":[],"_links":{"self":[{"href":"https:\/\/comissoes.uepb.edu.br\/cpia\/wp-json\/wp\/v2\/pages\/16","targetHints":{"allow":["GET"]}}],"collection":[{"href":"https:\/\/comissoes.uepb.edu.br\/cpia\/wp-json\/wp\/v2\/pages"}],"about":[{"href":"https:\/\/comissoes.uepb.edu.br\/cpia\/wp-json\/wp\/v2\/types\/page"}],"author":[{"embeddable":true,"href":"https:\/\/comissoes.uepb.edu.br\/cpia\/wp-json\/wp\/v2\/users\/5"}],"replies":[{"embeddable":true,"href":"https:\/\/comissoes.uepb.edu.br\/cpia\/wp-json\/wp\/v2\/comments?post=16"}],"version-history":[{"count":1,"href":"https:\/\/comissoes.uepb.edu.br\/cpia\/wp-json\/wp\/v2\/pages\/16\/revisions"}],"predecessor-version":[{"id":17,"href":"https:\/\/comissoes.uepb.edu.br\/cpia\/wp-json\/wp\/v2\/pages\/16\/revisions\/17"}],"wp:attachment":[{"href":"https:\/\/comissoes.uepb.edu.br\/cpia\/wp-json\/wp\/v2\/media?parent=16"}],"curies":[{"name":"wp","href":"https:\/\/api.w.org\/{rel}","templated":true}]}}