{"id":166,"date":"2022-04-07T10:44:45","date_gmt":"2022-04-07T13:44:45","guid":{"rendered":"https:\/\/comissoes.uepb.edu.br\/cpac\/?page_id=166"},"modified":"2022-04-13T12:38:33","modified_gmt":"2022-04-13T15:38:33","slug":"contato-2","status":"publish","type":"page","link":"https:\/\/comissoes.uepb.edu.br\/cpac\/contato-2\/","title":{"rendered":"Contato"},"content":{"rendered":"<ul>\n<li><strong>E-mail:<\/strong> cpac@setor.uepb.edu.br<\/li>\n<li><strong>Telefone:\u00a0<\/strong><\/li>\n<li><strong>Localiza\u00e7\u00e3o:<\/strong><\/li>\n<\/ul>\n<p>Todas as manifesta\u00e7\u00f5es formais referentes a processos que tramitam na CPAC devem ser apresentada via SUAP ou, na impossibilidade, atrav\u00e9s do e-mail. Documenta\u00e7\u00f5es e pedidos de informa\u00e7\u00f5es realizados fora dos canais mencionados ser\u00e3o desconsiderados.<\/p>\n","protected":false},"excerpt":{"rendered":"<p>E-mail: cpac@setor.uepb.edu.br Telefone:\u00a0 Localiza\u00e7\u00e3o: Todas as manifesta\u00e7\u00f5es formais referentes a processos que tramitam na CPAC devem ser apresentada via SUAP ou, na impossibilidade, atrav\u00e9s do e-mail. Documenta\u00e7\u00f5es e pedidos de informa\u00e7\u00f5es realizados fora dos canais mencionados ser\u00e3o desconsiderados.<\/p>\n","protected":false},"author":21,"featured_media":0,"parent":0,"menu_order":0,"comment_status":"closed","ping_status":"closed","template":"","meta":{"_acf_changed":false,"jetpack_post_was_ever_published":false,"footnotes":""},"class_list":["post-166","page","type-page","status-publish","hentry"],"acf":[],"jetpack_sharing_enabled":true,"jetpack_shortlink":"https:\/\/wp.me\/P7WTYx-2G","_links":{"self":[{"href":"https:\/\/comissoes.uepb.edu.br\/cpac\/wp-json\/wp\/v2\/pages\/166","targetHints":{"allow":["GET"]}}],"collection":[{"href":"https:\/\/comissoes.uepb.edu.br\/cpac\/wp-json\/wp\/v2\/pages"}],"about":[{"href":"https:\/\/comissoes.uepb.edu.br\/cpac\/wp-json\/wp\/v2\/types\/page"}],"author":[{"embeddable":true,"href":"https:\/\/comissoes.uepb.edu.br\/cpac\/wp-json\/wp\/v2\/users\/21"}],"replies":[{"embeddable":true,"href":"https:\/\/comissoes.uepb.edu.br\/cpac\/wp-json\/wp\/v2\/comments?post=166"}],"version-history":[{"count":2,"href":"https:\/\/comissoes.uepb.edu.br\/cpac\/wp-json\/wp\/v2\/pages\/166\/revisions"}],"predecessor-version":[{"id":198,"href":"https:\/\/comissoes.uepb.edu.br\/cpac\/wp-json\/wp\/v2\/pages\/166\/revisions\/198"}],"wp:attachment":[{"href":"https:\/\/comissoes.uepb.edu.br\/cpac\/wp-json\/wp\/v2\/media?parent=166"}],"curies":[{"name":"wp","href":"https:\/\/api.w.org\/{rel}","templated":true}]}}