{"id":157,"date":"2022-04-04T11:42:20","date_gmt":"2022-04-04T14:42:20","guid":{"rendered":"https:\/\/comissoes.uepb.edu.br\/cpac\/?page_id=157"},"modified":"2022-04-07T11:21:12","modified_gmt":"2022-04-07T14:21:12","slug":"contato","status":"publish","type":"page","link":"https:\/\/comissoes.uepb.edu.br\/cpac\/contato\/","title":{"rendered":"Links"},"content":{"rendered":"<p><strong>Sistema Unificado de Administra\u00e7\u00e3o P\u00fablica &#8211; UEPB (SUAP)<\/strong><\/p>\n<p><a href=\"https:\/\/suap.uepb.edu.br\/\">https:\/\/suap.uepb.edu.br\/<\/a><\/p>\n<p><strong>Portal da Transpar\u00eancia UEPB<\/strong><\/p>\n<p><a href=\"https:\/\/transparencia.uepb.edu.br\/\">https:\/\/transparencia.uepb.edu.br\/<\/a><\/p>\n<p><strong>Tribunal de Contas do Estado da Para\u00edba &#8211; TCE PB<\/strong><\/p>\n<p><a href=\"https:\/\/tce.pb.gov.br\/\">https:\/\/tce.pb.gov.br\/<\/a><\/p>\n<p><strong>TCE PB &#8211; Painel acerca de Acumula\u00e7\u00e3o de Cargos P\u00fablicos<\/strong><\/p>\n<p><a href=\"https:\/\/tce.pb.gov.br\/paineis\/acumulacao-de-vinculos-publicos\">https:\/\/tce.pb.gov.br\/paineis\/acumulacao-de-vinculos-publicos<\/a><\/p>\n<p><strong>TCE PB &#8211; SAGRES ONLINE<\/strong><\/p>\n<p><a href=\"https:\/\/tce.pb.gov.br\/sagres-online\">https:\/\/tce.pb.gov.br\/sagres-online<\/a><\/p>\n<p><strong>TCE PB &#8211; Jurisprud\u00eancias\u00a0<\/strong><\/p>\n<p><a href=\"https:\/\/jurisprudencia.tce.pb.gov.br\/\">https:\/\/jurisprudencia.tce.pb.gov.br\/<\/a><\/p>\n<p><strong>CONSTITUI\u00c7\u00c3O DA REP\u00daBLICA FEDERATIVA DO BRASIL de 1988<\/strong><\/p>\n<p><a href=\"https:\/\/www25.senado.leg.br\/web\/atividade\/legislacao\/constituicao-federal\">https:\/\/www25.senado.leg.br\/web\/atividade\/legislacao\/constituicao-federal<\/a><\/p>\n<p>&nbsp;<\/p>\n","protected":false},"excerpt":{"rendered":"<p>Sistema Unificado de Administra\u00e7\u00e3o P\u00fablica &#8211; UEPB (SUAP) https:\/\/suap.uepb.edu.br\/ Portal da Transpar\u00eancia UEPB https:\/\/transparencia.uepb.edu.br\/ Tribunal de Contas do Estado da Para\u00edba &#8211; TCE PB https:\/\/tce.pb.gov.br\/ TCE PB &#8211; Painel acerca de Acumula\u00e7\u00e3o de Cargos P\u00fablicos https:\/\/tce.pb.gov.br\/paineis\/acumulacao-de-vinculos-publicos TCE PB &#8211; SAGRES ONLINE https:\/\/tce.pb.gov.br\/sagres-online TCE PB &#8211; Jurisprud\u00eancias\u00a0 https:\/\/jurisprudencia.tce.pb.gov.br\/ CONSTITUI\u00c7\u00c3O DA REP\u00daBLICA FEDERATIVA DO BRASIL de 1988 <a class=\"leiamais\" href=\"https:\/\/comissoes.uepb.edu.br\/cpac\/contato\/\">Leia Mais&#8230;<\/a><\/p>\n","protected":false},"author":21,"featured_media":0,"parent":0,"menu_order":0,"comment_status":"closed","ping_status":"closed","template":"","meta":{"_acf_changed":false,"jetpack_post_was_ever_published":false,"footnotes":""},"class_list":["post-157","page","type-page","status-publish","hentry"],"acf":[],"jetpack_sharing_enabled":true,"jetpack_shortlink":"https:\/\/wp.me\/P7WTYx-2x","_links":{"self":[{"href":"https:\/\/comissoes.uepb.edu.br\/cpac\/wp-json\/wp\/v2\/pages\/157","targetHints":{"allow":["GET"]}}],"collection":[{"href":"https:\/\/comissoes.uepb.edu.br\/cpac\/wp-json\/wp\/v2\/pages"}],"about":[{"href":"https:\/\/comissoes.uepb.edu.br\/cpac\/wp-json\/wp\/v2\/types\/page"}],"author":[{"embeddable":true,"href":"https:\/\/comissoes.uepb.edu.br\/cpac\/wp-json\/wp\/v2\/users\/21"}],"replies":[{"embeddable":true,"href":"https:\/\/comissoes.uepb.edu.br\/cpac\/wp-json\/wp\/v2\/comments?post=157"}],"version-history":[{"count":5,"href":"https:\/\/comissoes.uepb.edu.br\/cpac\/wp-json\/wp\/v2\/pages\/157\/revisions"}],"predecessor-version":[{"id":185,"href":"https:\/\/comissoes.uepb.edu.br\/cpac\/wp-json\/wp\/v2\/pages\/157\/revisions\/185"}],"wp:attachment":[{"href":"https:\/\/comissoes.uepb.edu.br\/cpac\/wp-json\/wp\/v2\/media?parent=157"}],"curies":[{"name":"wp","href":"https:\/\/api.w.org\/{rel}","templated":true}]}}

<p><strong>Sistema Unificado de Administração Pública &#8211; UEPB (SUAP)</strong></p>
<p><a href="https://suap.uepb.edu.br/">https://suap.uepb.edu.br/</a></p>
<p><strong>Portal da Transparência UEPB</strong></p>
<p><a href="https://transparencia.uepb.edu.br/">https://transparencia.uepb.edu.br/</a></p>
<p><strong>Tribunal de Contas do Estado da Paraíba &#8211; TCE PB</strong></p>
<p><a href="https://tce.pb.gov.br/">https://tce.pb.gov.br/</a></p>
<p><strong>TCE PB &#8211; Painel acerca de Acumulação de Cargos Públicos</strong></p>
<p><a href="https://tce.pb.gov.br/paineis/acumulacao-de-vinculos-publicos">https://tce.pb.gov.br/paineis/acumulacao-de-vinculos-publicos</a></p>
<p><strong>TCE PB &#8211; SAGRES ONLINE</strong></p>
<p><a href="https://tce.pb.gov.br/sagres-online">https://tce.pb.gov.br/sagres-online</a></p>
<p><strong>TCE PB &#8211; Jurisprudências </strong></p>
<p><a href="https://jurisprudencia.tce.pb.gov.br/">https://jurisprudencia.tce.pb.gov.br/</a></p>
<p><strong>CONSTITUIÇÃO DA REPÚBLICA FEDERATIVA DO BRASIL de 1988</strong></p>
<p><a href="https://www25.senado.leg.br/web/atividade/legislacao/constituicao-federal">https://www25.senado.leg.br/web/atividade/legislacao/constituicao-federal</a></p>
<p>&nbsp;</p>

<p>Sistema Unificado de Administração Pública &#8211; UEPB (SUAP) https://suap.uepb.edu.br/ Portal da Transparência UEPB https://transparencia.uepb.edu.br/ Tribunal de Contas do Estado da Paraíba &#8211; TCE PB https://tce.pb.gov.br/ TCE PB &#8211; Painel acerca de Acumulação de Cargos Públicos https://tce.pb.gov.br/paineis/acumulacao-de-vinculos-publicos TCE PB &#8211; SAGRES ONLINE https://tce.pb.gov.br/sagres-online TCE PB &#8211; Jurisprudências  https://jurisprudencia.tce.pb.gov.br/ CONSTITUIÇÃO DA REPÚBLICA FEDERATIVA DO BRASIL de 1988 <a class="leiamais" href="https://comissoes.uepb.edu.br/cpac/contato/">Leia Mais&#8230;</a></p>
