{"id":410,"date":"2024-07-09T10:55:10","date_gmt":"2024-07-09T13:55:10","guid":{"rendered":"https:\/\/comissoes.uepb.edu.br\/cpa\/?page_id=410"},"modified":"2025-09-19T11:42:26","modified_gmt":"2025-09-19T14:42:26","slug":"pagina-inicial","status":"publish","type":"page","link":"https:\/\/comissoes.uepb.edu.br\/cpa\/","title":{"rendered":"P\u00e1gina Inicial"},"content":{"rendered":"<div class=\"wpb-content-wrapper\"><p>[vc_row][vc_column][vc_text_separator title=&#8221;Not\u00edcias&#8221; i_icon_fontawesome=&#8221;fas fa-angle-double-right&#8221; i_color=&#8221;custom&#8221; title_align=&#8221;separator_align_left&#8221; add_icon=&#8221;true&#8221; i_custom_color=&#8221;#cc0000&#8243; css=&#8221;.vc_custom_1720534018337{margin-top: 30px !important;}&#8221;]<div class=\"mdl-grid\"><div class=\"mdl-cell--4-col mdl-cell--6-col-tablet mdl-cell--12-col-phone bloco-noticias\"><div class=\"titulo-noticia-widget\"><a href=\"https:\/\/comissoes.uepb.edu.br\/cpa\/2026\/03\/13\/cpa-da-uepb-realiza-primeira-reuniao-ordinaria-de-2026\/\"><h3 class=\"titulo-destaque-noticia\">CPA da UEPB realiza primeira reuni\u00e3o ordin\u00e1ria de 2026<\/h3><\/a><\/div><div class=\"titulo-noticia-widget\"><a href=\"https:\/\/comissoes.uepb.edu.br\/cpa\/2025\/12\/17\/comissao-propria-inicia-etapa-de-avaliacao-institucional-da-universidade-estadual-da-paraiba-para-o-ano-de-2025\/\"><h3 class=\"titulo-destaque-noticia\">Comiss\u00e3o Pr\u00f3pria inicia etapa de avalia\u00e7\u00e3o institucional da Universidade Estadual da Para\u00edba para o ano de 2025<\/h3><\/a><\/div><div class=\"titulo-noticia-widget\"><a href=\"https:\/\/comissoes.uepb.edu.br\/cpa\/2025\/08\/11\/cpa-participa-do-inicio-da-estruturacao-do-novo-pdi-da-uepb-para-o-quadrienio-2026-a-2029\/\"><h3 class=\"titulo-destaque-noticia\">CPA participa do in\u00edcio da estrutura\u00e7\u00e3o do novo PDI da UEPB para o quadri\u00eanio 2026 a 2029<\/h3><\/a><\/div><div class=\"titulo-noticia-widget\"><a href=\"https:\/\/comissoes.uepb.edu.br\/cpa\/2024\/12\/12\/cpa-encerra-2024-com-a-conclusao-de-relatorio-do-pdi-da-universidade-estadual-da-paraiba\/\"><h3 class=\"titulo-destaque-noticia\">CPA encerra 2024 com a conclus\u00e3o de  relat\u00f3rio do PDI da Universidade Estadual da Para\u00edba<\/h3><\/a><\/div><\/div><div class=\"mdl-cell--4-col mdl-cell--6-col-tablet mdl-cell--12-col-phone bloco-noticias\"><div class=\"titulo-noticia-widget\"><a href=\"https:\/\/comissoes.uepb.edu.br\/cpa\/2024\/11\/26\/comissao-propria-da-universidade-estadual-da-paraiba-prorroga-prazo-para-avaliacao-do-ano-de-2024-na-instituicao\/\"><h3 class=\"titulo-destaque-noticia\">Avalia\u00e7\u00e3o 2024: CPA da Universidade Estadual da Para\u00edba prorroga prazo at\u00e9 30 de novembro<\/h3><\/a><\/div><div class=\"titulo-noticia-widget\"><a href=\"https:\/\/comissoes.uepb.edu.br\/cpa\/2022\/05\/10\/encontro-da-cpa-da-ufrn-e-cpa-da-uepb\/\"><h3 class=\"titulo-destaque-noticia\">ENCONTRO DA CPA DA UFRN E CPA DA UEPB<\/h3><\/a><\/div><div class=\"titulo-noticia-widget\"><a href=\"https:\/\/comissoes.uepb.edu.br\/cpa\/2019\/06\/04\/cpa-inicia-nova-etapa-de-avaliacao-institucional-na-uepb\/\"><h3 class=\"titulo-destaque-noticia\">CPA inicia nova etapa de avalia\u00e7\u00e3o institucional na UEPB<\/h3><\/a><\/div><div class=\"titulo-noticia-widget\"><a href=\"https:\/\/comissoes.uepb.edu.br\/cpa\/2016\/06\/17\/cpa-da-universidade-estadual-da-paraiba-abre-processo-de-avaliacao-institucional\/\"><h3 class=\"titulo-destaque-noticia\">CPA da Universidade Estadual da Para\u00edba abre processo de avalia\u00e7\u00e3o institucional<\/h3><\/a><\/div><\/div><div class=\"mdl-cell--4-col mdl-cell--6-col-tablet mdl-cell--12-col-phone bloco-noticias\"><div class=\"titulo-noticia-widget\"><a href=\"https:\/\/comissoes.uepb.edu.br\/cpa\/2016\/05\/25\/comissao-institucional-de-avaliacao-da-uepb-informa-sobre-novidades-no-sistema-de-coletas-de-dados\/\"><h3 class=\"titulo-destaque-noticia\">Comiss\u00e3o Institucional de Avalia\u00e7\u00e3o da UEPB informa sobre novidades no sistema de coletas de dados<\/h3><\/a><\/div><div class=\"titulo-noticia-widget\"><a href=\"https:\/\/comissoes.uepb.edu.br\/cpa\/2015\/03\/31\/cpa-informa-sobre-abertura-de-sistema-para-avaliacao-institucional-de-atividades-academicas-e-administrativas\/\"><h3 class=\"titulo-destaque-noticia\">CPA informa sobre abertura de sistema para avalia\u00e7\u00e3o institucional de atividades acad\u00eamicas e administrativas<\/h3><\/a><\/div><\/div><\/div>[\/vc_column][\/vc_row]<\/p>\n<\/div>","protected":false},"excerpt":{"rendered":"<p>[vc_row][vc_column][vc_text_separator title=&#8221;Not\u00edcias&#8221; i_icon_fontawesome=&#8221;fas fa-angle-double-right&#8221; i_color=&#8221;custom&#8221; title_align=&#8221;separator_align_left&#8221; add_icon=&#8221;true&#8221; i_custom_color=&#8221;#cc0000&#8243; css=&#8221;.vc_custom_1720534018337{margin-top: 30px !important;}&#8221;][\/vc_column][\/vc_row]<\/p>\n","protected":false},"author":9,"featured_media":573,"parent":0,"menu_order":0,"comment_status":"closed","ping_status":"closed","template":"","meta":{"_acf_changed":false,"jetpack_post_was_ever_published":false,"footnotes":""},"class_list":["post-410","page","type-page","status-publish","has-post-thumbnail","hentry"],"acf":[],"jetpack_sharing_enabled":true,"jetpack_shortlink":"https:\/\/wp.me\/P7WTYa-6C","_links":{"self":[{"href":"https:\/\/comissoes.uepb.edu.br\/cpa\/wp-json\/wp\/v2\/pages\/410","targetHints":{"allow":["GET"]}}],"collection":[{"href":"https:\/\/comissoes.uepb.edu.br\/cpa\/wp-json\/wp\/v2\/pages"}],"about":[{"href":"https:\/\/comissoes.uepb.edu.br\/cpa\/wp-json\/wp\/v2\/types\/page"}],"author":[{"embeddable":true,"href":"https:\/\/comissoes.uepb.edu.br\/cpa\/wp-json\/wp\/v2\/users\/9"}],"replies":[{"embeddable":true,"href":"https:\/\/comissoes.uepb.edu.br\/cpa\/wp-json\/wp\/v2\/comments?post=410"}],"version-history":[{"count":2,"href":"https:\/\/comissoes.uepb.edu.br\/cpa\/wp-json\/wp\/v2\/pages\/410\/revisions"}],"predecessor-version":[{"id":414,"href":"https:\/\/comissoes.uepb.edu.br\/cpa\/wp-json\/wp\/v2\/pages\/410\/revisions\/414"}],"wp:featuredmedia":[{"embeddable":true,"href":"https:\/\/comissoes.uepb.edu.br\/cpa\/wp-json\/wp\/v2\/media\/573"}],"wp:attachment":[{"href":"https:\/\/comissoes.uepb.edu.br\/cpa\/wp-json\/wp\/v2\/media?parent=410"}],"curies":[{"name":"wp","href":"https:\/\/api.w.org\/{rel}","templated":true}]}}

Página Inicial

<div class="wpb-content-wrapper"><p>[vc_row][vc_column][vc_text_separator title=&#8221;Notícias&#8221; i_icon_fontawesome=&#8221;fas fa-angle-double-right&#8221; i_color=&#8221;custom&#8221; title_align=&#8221;separator_align_left&#8221; add_icon=&#8221;true&#8221; i_custom_color=&#8221;#cc0000&#8243; css=&#8221;.vc_custom_1720534018337{margin-top: 30px !important;}&#8221;]<div class="mdl-grid"><div class="mdl-cell--4-col mdl-cell--6-col-tablet mdl-cell--12-col-phone bloco-noticias"><div class="titulo-noticia-widget"><a href="https://comissoes.uepb.edu.br/cpa/2026/03/13/cpa-da-uepb-realiza-primeira-reuniao-ordinaria-de-2026/"><h3 class="titulo-destaque-noticia">CPA da UEPB realiza primeira reunião ordinária de 2026</h3></a></div><div class="titulo-noticia-widget"><a href="https://comissoes.uepb.edu.br/cpa/2025/12/17/comissao-propria-inicia-etapa-de-avaliacao-institucional-da-universidade-estadual-da-paraiba-para-o-ano-de-2025/"><h3 class="titulo-destaque-noticia">Comissão Própria inicia etapa de avaliação institucional da Universidade Estadual da Paraíba para o ano de 2025</h3></a></div><div class="titulo-noticia-widget"><a href="https://comissoes.uepb.edu.br/cpa/2025/08/11/cpa-participa-do-inicio-da-estruturacao-do-novo-pdi-da-uepb-para-o-quadrienio-2026-a-2029/"><h3 class="titulo-destaque-noticia">CPA participa do início da estruturação do novo PDI da UEPB para o quadriênio 2026 a 2029</h3></a></div><div class="titulo-noticia-widget"><a href="https://comissoes.uepb.edu.br/cpa/2024/12/12/cpa-encerra-2024-com-a-conclusao-de-relatorio-do-pdi-da-universidade-estadual-da-paraiba/"><h3 class="titulo-destaque-noticia">CPA encerra 2024 com a conclusão de  relatório do PDI da Universidade Estadual da Paraíba</h3></a></div></div><div class="mdl-cell--4-col mdl-cell--6-col-tablet mdl-cell--12-col-phone bloco-noticias"><div class="titulo-noticia-widget"><a href="https://comissoes.uepb.edu.br/cpa/2024/11/26/comissao-propria-da-universidade-estadual-da-paraiba-prorroga-prazo-para-avaliacao-do-ano-de-2024-na-instituicao/"><h3 class="titulo-destaque-noticia">Avaliação 2024: CPA da Universidade Estadual da Paraíba prorroga prazo até 30 de novembro</h3></a></div><div class="titulo-noticia-widget"><a href="https://comissoes.uepb.edu.br/cpa/2022/05/10/encontro-da-cpa-da-ufrn-e-cpa-da-uepb/"><h3 class="titulo-destaque-noticia">ENCONTRO DA CPA DA UFRN E CPA DA UEPB</h3></a></div><div class="titulo-noticia-widget"><a href="https://comissoes.uepb.edu.br/cpa/2019/06/04/cpa-inicia-nova-etapa-de-avaliacao-institucional-na-uepb/"><h3 class="titulo-destaque-noticia">CPA inicia nova etapa de avaliação institucional na UEPB</h3></a></div><div class="titulo-noticia-widget"><a href="https://comissoes.uepb.edu.br/cpa/2016/06/17/cpa-da-universidade-estadual-da-paraiba-abre-processo-de-avaliacao-institucional/"><h3 class="titulo-destaque-noticia">CPA da Universidade Estadual da Paraíba abre processo de avaliação institucional</h3></a></div></div><div class="mdl-cell--4-col mdl-cell--6-col-tablet mdl-cell--12-col-phone bloco-noticias"><div class="titulo-noticia-widget"><a href="https://comissoes.uepb.edu.br/cpa/2016/05/25/comissao-institucional-de-avaliacao-da-uepb-informa-sobre-novidades-no-sistema-de-coletas-de-dados/"><h3 class="titulo-destaque-noticia">Comissão Institucional de Avaliação da UEPB informa sobre novidades no sistema de coletas de dados</h3></a></div><div class="titulo-noticia-widget"><a href="https://comissoes.uepb.edu.br/cpa/2015/03/31/cpa-informa-sobre-abertura-de-sistema-para-avaliacao-institucional-de-atividades-academicas-e-administrativas/"><h3 class="titulo-destaque-noticia">CPA informa sobre abertura de sistema para avaliação institucional de atividades acadêmicas e administrativas</h3></a></div></div></div>[/vc_column][/vc_row]</p>
</div>

<p>[vc_row][vc_column][vc_text_separator title=&#8221;Notícias&#8221; i_icon_fontawesome=&#8221;fas fa-angle-double-right&#8221; i_color=&#8221;custom&#8221; title_align=&#8221;separator_align_left&#8221; add_icon=&#8221;true&#8221; i_custom_color=&#8221;#cc0000&#8243; css=&#8221;.vc_custom_1720534018337{margin-top: 30px !important;}&#8221;][/vc_column][/vc_row]</p>
