{"id":12,"date":"2016-07-29T10:43:00","date_gmt":"2016-07-29T13:43:00","guid":{"rendered":"https:\/\/comissoes.uepb.edu.br\/cpa\/?page_id=12"},"modified":"2025-09-19T11:39:29","modified_gmt":"2025-09-19T14:39:29","slug":"apresentacao","status":"publish","type":"page","link":"https:\/\/comissoes.uepb.edu.br\/cpa\/apresentacao\/","title":{"rendered":"Apresenta\u00e7\u00e3o"},"content":{"rendered":"<div class=\"wpb-content-wrapper\"><p>[vc_row][vc_column][vc_column_text css=&#8221;&#8221;]<\/p>\n<h1 class=\"fOvfyc B7SYid VnOHwf-Tvm9db\" style=\"text-align: left\"><img loading=\"lazy\" decoding=\"async\" class=\"alignnone size-medium wp-image-573 img-responsive\" src=\"https:\/\/comissoes.uepb.edu.br\/cpa\/wp-content\/uploads\/sites\/4\/2025\/09\/LEMBRETE-3-300x300.png\" alt=\"\" width=\"300\" height=\"300\" srcset=\"https:\/\/comissoes.uepb.edu.br\/cpa\/wp-content\/uploads\/sites\/4\/2025\/09\/LEMBRETE-3-300x300.png 300w, https:\/\/comissoes.uepb.edu.br\/cpa\/wp-content\/uploads\/sites\/4\/2025\/09\/LEMBRETE-3-1536x1536.png 1536w, https:\/\/comissoes.uepb.edu.br\/cpa\/wp-content\/uploads\/sites\/4\/2025\/09\/LEMBRETE-3-2048x2048.png 2048w, https:\/\/comissoes.uepb.edu.br\/cpa\/wp-content\/uploads\/sites\/4\/2025\/09\/LEMBRETE-3-796x796.png 796w\" sizes=\"auto, (max-width: 300px) 100vw, 300px\" \/><\/h1>\n<h1 class=\"fOvfyc B7SYid VnOHwf-Tvm9db\" style=\"text-align: left\">CPA &#8211; Comiss\u00e3o Pr\u00f3pria de Avalia\u00e7\u00e3o da Universidade Estadual da Para\u00edba<\/h1>\n<p><a href=\"https:\/\/comissoes.uepb.edu.br\/cpa\/wp-content\/uploads\/sites\/4\/2022\/05\/Apresentacao-sobre-a-CPA-2022.pptx\">Apresenta\u00e7\u00e3o Sobre a CPA \/ UEPB<\/a><\/p>\n<p style=\"text-align: justify\"><strong>1. Hist\u00f3rico e objetivos<\/strong><\/p>\n<p style=\"text-align: justify\">Desde 1996 a Universidade Estadual da Para\u00edba tem investido sistematicamente em pol\u00edticas de autoavalia\u00e7\u00e3o. A primeira Comiss\u00e3o Pr\u00f3pria de Avalia\u00e7\u00e3o, institu\u00edda naquele ano, seguiram-se outras, dando continuidade a diversas a\u00e7\u00f5es, desde a sensibiliza\u00e7\u00e3o da comunidade universit\u00e1ria para a necessidade da autoavalia\u00e7\u00e3o, at\u00e9 a execu\u00e7\u00e3o de programas de avalia\u00e7\u00e3o de setores espec\u00edficos da Universidade.<\/p>\n<p>A UEPB, que conquistou a sua autonomia financeira, n\u00e3o pode se furtar de tomar a transpar\u00eancia como um de seus princ\u00edpios fundamentais. Avaliar-se, portanto, significa ser transparente, conhecer-se melhor, dar-se a conhecer pelo outro, na busca incessante pela qualidade no servi\u00e7o p\u00fablico.<\/p>\n<p style=\"text-align: justify\">A atual Comiss\u00e3o Pr\u00f3pria de Avalia\u00e7\u00e3o, designada por portaria da Reitoria em abril de 2019, tem por meta, a partir de um trabalho autoavaliativo, contribuir para a otimiza\u00e7\u00e3o dos servi\u00e7os prestados pela universidade nas \u00e1reas do ensino, da pesquisa e da extens\u00e3o.<\/p>\n<p style=\"text-align: justify\"><strong>2. Concep\u00e7\u00e3o de avalia\u00e7\u00e3o e tomadas de decis\u00e3o<\/strong><\/p>\n<p style=\"text-align: justify\">A avalia\u00e7\u00e3o em quest\u00e3o tem um car\u00e1ter formativo, o que significa dizer que trata-se de um processo cont\u00ednuo que procurar\u00e1 conhecer as potencialidades e fragilidades da UEPB, visando \u00e0 proposi\u00e7\u00e3o, em conjunto com toda a comunidade acad\u00eamica, de recomenda\u00e7\u00f5es que possam orientar a Reitoria nas tomadas de decis\u00e3o no sentido da melhoria da qualidade dos servi\u00e7os prestados pela UEPB, em conson\u00e2ncia com seu PDI, sua miss\u00e3o e sua responsabilidade social.<\/p>\n<p style=\"text-align: justify\">Avaliar, no contexto do SINAES, \u00e9 estabelecer processo dial\u00f3gico que permite olhar as dimens\u00f5es quantitativas e qualitativas como express\u00e3o do vivido e do almejado, como projeto de forma\u00e7\u00e3o relevante para o indiv\u00edduo e para a sociedade. \u00c9 atividade que requer compet\u00eancias e habilidades dos atores sociais envolvidos nesse processo de constru\u00e7\u00e3o coletiva.<\/p>\n<p style=\"text-align: justify\">Tem como prop\u00f3sito identificar potencialidades e fragilidades, e destacar pontos fortes e fracos no processo de aprendizagem, tendo como refer\u00eancias o Projeto Pedag\u00f3gico Institucional \u2013 PPI, o Plano de Desenvolvimento Institucional \u2013 PDI e os Projetos Pedag\u00f3gicos dos Cursos de gradua\u00e7\u00e3o &#8211; PPCs<\/p>\n<p style=\"text-align: justify\"><strong>3. Amparo legal e dimens\u00f5es avaliativas<\/strong><\/p>\n<p style=\"text-align: justify\">A lei federal n\u00ba 10.861, de 14 de abril de 2004, instituiu o Sistema Nacional de Avalia\u00e7\u00e3o da Educa\u00e7\u00e3o Superior \u2013 SINAES, que prev\u00ea a avalia\u00e7\u00e3o interna e externa das institui\u00e7\u00f5es de ensino superior, dos cursos de gradua\u00e7\u00e3o e do desempenho acad\u00eamico dos estudantes.<\/p>\n<p style=\"text-align: justify\">No item da avalia\u00e7\u00e3o interna, o SINAES preconiza, que as universidades tenham na sua estrutura administrativa uma comiss\u00e3o pr\u00f3pria de avalia\u00e7\u00e3o, a quem compete criar os instrumentos e proceder \u00e0 avalia\u00e7\u00e3o da Institui\u00e7\u00e3o de Ensino Superior \u2013 IES em dez dimens\u00f5es institucionais:<\/p>\n<p style=\"text-align: justify\">1) a miss\u00e3o e o Plano de Desenvolvimento Institucional \u2013 PDI;<\/p>\n<p style=\"text-align: justify\">2) Perspectiva cient\u00edfica e pedag\u00f3gica formadora: pol\u00edticas, normas e est\u00edmulos para o ensino, a pesquisa e a extens\u00e3o;<\/p>\n<p style=\"text-align: justify\">3) Responsabilidade social da IES;<\/p>\n<p style=\"text-align: justify\">4) Comunica\u00e7\u00e3o com a sociedade;<\/p>\n<p style=\"text-align: justify\">5) Pol\u00edticas de pessoal, carreira, aperfei\u00e7oamento, condi\u00e7\u00f5es de trabalho;<\/p>\n<p style=\"text-align: justify\">6) Organiza\u00e7\u00e3o e gest\u00e3o da institui\u00e7\u00e3o;<\/p>\n<p style=\"text-align: justify\">7) Infra-estrutura f\u00edsica e recursos de apoio;<\/p>\n<p style=\"text-align: justify\">8) Planejamento e avalia\u00e7\u00e3o;<\/p>\n<p style=\"text-align: justify\">9) Pol\u00edticas de atendimento aos estudantes;<\/p>\n<p style=\"text-align: justify\">10) Sustentabilidade financeira.<\/p>\n<p><img loading=\"lazy\" decoding=\"async\" class=\"aligncenter wp-image-138 size-full img-responsive\" src=\"https:\/\/comissoes.uepb.edu.br\/cpa\/wp-content\/uploads\/sites\/4\/2019\/05\/Dimens\u00f5es-Sinaes.jpg\" alt=\"\" width=\"960\" height=\"720\" srcset=\"https:\/\/comissoes.uepb.edu.br\/cpa\/wp-content\/uploads\/sites\/4\/2019\/05\/Dimens\u00f5es-Sinaes.jpg 960w, https:\/\/comissoes.uepb.edu.br\/cpa\/wp-content\/uploads\/sites\/4\/2019\/05\/Dimens\u00f5es-Sinaes-300x225.jpg 300w, https:\/\/comissoes.uepb.edu.br\/cpa\/wp-content\/uploads\/sites\/4\/2019\/05\/Dimens\u00f5es-Sinaes-768x576.jpg 768w, https:\/\/comissoes.uepb.edu.br\/cpa\/wp-content\/uploads\/sites\/4\/2019\/05\/Dimens\u00f5es-Sinaes-370x278.jpg 370w, https:\/\/comissoes.uepb.edu.br\/cpa\/wp-content\/uploads\/sites\/4\/2019\/05\/Dimens\u00f5es-Sinaes-840x630.jpg 840w\" sizes=\"auto, (max-width: 960px) 100vw, 960px\" \/><\/p>\n<p style=\"text-align: justify\">A avalia\u00e7\u00e3o externa ser\u00e1 procedida por uma comiss\u00e3o nomeada pelo Minist\u00e9rio da Educa\u00e7\u00e3o, que visitar\u00e1 oportunamente a universidade e tomar\u00e1 ci\u00eancia junto \u00e0 Comiss\u00e3o Institucional de Avalia\u00e7\u00e3o da UEPB sobre os processos avaliativos desenvolvidos e seus encaminhamentos.<\/p>\n<p style=\"text-align: justify\"><strong>4. Projeto de avalia\u00e7\u00e3o e socializa\u00e7\u00e3o da id\u00e9ia<\/strong><\/p>\n<p style=\"text-align: justify\">A atual comiss\u00e3o de avalia\u00e7\u00e3o da UEPB encontra-se debru\u00e7ada na constru\u00e7\u00e3o de seu projeto de avalia\u00e7\u00e3o, que elencar\u00e1, dentre as dez dimens\u00f5es avaliativas previstas pelo SINAES, aquelas que constituir\u00e3o as etapas iniciais dos trabalhos, discriminando ainda a metodologia das a\u00e7\u00f5es e os instrumentos t\u00e9cnicos necess\u00e1rios.<\/p>\n<p style=\"text-align: justify\">Paralelamente, a comiss\u00e3o criar\u00e1 f\u00f3runs de discuss\u00e3o sobre avalia\u00e7\u00e3o institucional, como forma de fomentar na UEPB a cultura da avalia\u00e7\u00e3o.<\/p>\n<p style=\"text-align: justify\"><strong>5. Compromisso de todos<\/strong><\/p>\n<p style=\"text-align: justify\">O sucesso da autoavalia\u00e7\u00e3o depende fundamentalmente da compreens\u00e3o de todos, docentes, discentes, servidores t\u00e9cnico-administrativos, e do compromisso assumido em otimizar sempre a qualidade dos trabalhos produzidos na UEPB.<\/p>\n<p>\u00a0[\/vc_column_text][\/vc_column][\/vc_row]<\/p>\n<\/div>","protected":false},"excerpt":{"rendered":"<p>[vc_row][vc_column][vc_column_text css=&#8221;&#8221;] CPA &#8211; Comiss\u00e3o Pr\u00f3pria de Avalia\u00e7\u00e3o da Universidade Estadual da Para\u00edba Apresenta\u00e7\u00e3o Sobre a CPA \/ UEPB 1. Hist\u00f3rico e objetivos Desde 1996 a Universidade Estadual da Para\u00edba tem investido sistematicamente em pol\u00edticas de autoavalia\u00e7\u00e3o. A primeira Comiss\u00e3o Pr\u00f3pria de Avalia\u00e7\u00e3o, institu\u00edda naquele ano, seguiram-se outras, dando continuidade a diversas a\u00e7\u00f5es, desde a <a class=\"leiamais\" href=\"https:\/\/comissoes.uepb.edu.br\/cpa\/apresentacao\/\">Leia Mais&#8230;<\/a><\/p>\n","protected":false},"author":4,"featured_media":0,"parent":0,"menu_order":0,"comment_status":"closed","ping_status":"closed","template":"","meta":{"_acf_changed":false,"jetpack_post_was_ever_published":false,"footnotes":""},"class_list":["post-12","page","type-page","status-publish","hentry"],"acf":[],"jetpack_sharing_enabled":true,"jetpack_shortlink":"https:\/\/wp.me\/P7WTYa-c","_links":{"self":[{"href":"https:\/\/comissoes.uepb.edu.br\/cpa\/wp-json\/wp\/v2\/pages\/12","targetHints":{"allow":["GET"]}}],"collection":[{"href":"https:\/\/comissoes.uepb.edu.br\/cpa\/wp-json\/wp\/v2\/pages"}],"about":[{"href":"https:\/\/comissoes.uepb.edu.br\/cpa\/wp-json\/wp\/v2\/types\/page"}],"author":[{"embeddable":true,"href":"https:\/\/comissoes.uepb.edu.br\/cpa\/wp-json\/wp\/v2\/users\/4"}],"replies":[{"embeddable":true,"href":"https:\/\/comissoes.uepb.edu.br\/cpa\/wp-json\/wp\/v2\/comments?post=12"}],"version-history":[{"count":13,"href":"https:\/\/comissoes.uepb.edu.br\/cpa\/wp-json\/wp\/v2\/pages\/12\/revisions"}],"predecessor-version":[{"id":574,"href":"https:\/\/comissoes.uepb.edu.br\/cpa\/wp-json\/wp\/v2\/pages\/12\/revisions\/574"}],"wp:attachment":[{"href":"https:\/\/comissoes.uepb.edu.br\/cpa\/wp-json\/wp\/v2\/media?parent=12"}],"curies":[{"name":"wp","href":"https:\/\/api.w.org\/{rel}","templated":true}]}}

Apresentação

<div class="wpb-content-wrapper"><p>[vc_row][vc_column][vc_column_text css=&#8221;&#8221;]</p>
<h1 class="fOvfyc B7SYid VnOHwf-Tvm9db" style="text-align: left"><img loading="lazy" decoding="async" class="alignnone size-medium wp-image-573 img-responsive" src="https://comissoes.uepb.edu.br/cpa/wp-content/uploads/sites/4/2025/09/LEMBRETE-3-300x300.png" alt="" width="300" height="300" srcset="https://comissoes.uepb.edu.br/cpa/wp-content/uploads/sites/4/2025/09/LEMBRETE-3-300x300.png 300w, https://comissoes.uepb.edu.br/cpa/wp-content/uploads/sites/4/2025/09/LEMBRETE-3-1536x1536.png 1536w, https://comissoes.uepb.edu.br/cpa/wp-content/uploads/sites/4/2025/09/LEMBRETE-3-2048x2048.png 2048w, https://comissoes.uepb.edu.br/cpa/wp-content/uploads/sites/4/2025/09/LEMBRETE-3-796x796.png 796w" sizes="auto, (max-width: 300px) 100vw, 300px" /></h1>
<h1 class="fOvfyc B7SYid VnOHwf-Tvm9db" style="text-align: left">CPA &#8211; Comissão Própria de Avaliação da Universidade Estadual da Paraíba</h1>
<p><a href="https://comissoes.uepb.edu.br/cpa/wp-content/uploads/sites/4/2022/05/Apresentacao-sobre-a-CPA-2022.pptx">Apresentação Sobre a CPA / UEPB</a></p>
<p style="text-align: justify"><strong>1. Histórico e objetivos</strong></p>
<p style="text-align: justify">Desde 1996 a Universidade Estadual da Paraíba tem investido sistematicamente em políticas de autoavaliação. A primeira Comissão Própria de Avaliação, instituída naquele ano, seguiram-se outras, dando continuidade a diversas ações, desde a sensibilização da comunidade universitária para a necessidade da autoavaliação, até a execução de programas de avaliação de setores específicos da Universidade.</p>
<p>A UEPB, que conquistou a sua autonomia financeira, não pode se furtar de tomar a transparência como um de seus princípios fundamentais. Avaliar-se, portanto, significa ser transparente, conhecer-se melhor, dar-se a conhecer pelo outro, na busca incessante pela qualidade no serviço público.</p>
<p style="text-align: justify">A atual Comissão Própria de Avaliação, designada por portaria da Reitoria em abril de 2019, tem por meta, a partir de um trabalho autoavaliativo, contribuir para a otimização dos serviços prestados pela universidade nas áreas do ensino, da pesquisa e da extensão.</p>
<p style="text-align: justify"><strong>2. Concepção de avaliação e tomadas de decisão</strong></p>
<p style="text-align: justify">A avaliação em questão tem um caráter formativo, o que significa dizer que trata-se de um processo contínuo que procurará conhecer as potencialidades e fragilidades da UEPB, visando à proposição, em conjunto com toda a comunidade acadêmica, de recomendações que possam orientar a Reitoria nas tomadas de decisão no sentido da melhoria da qualidade dos serviços prestados pela UEPB, em consonância com seu PDI, sua missão e sua responsabilidade social.</p>
<p style="text-align: justify">Avaliar, no contexto do SINAES, é estabelecer processo dialógico que permite olhar as dimensões quantitativas e qualitativas como expressão do vivido e do almejado, como projeto de formação relevante para o indivíduo e para a sociedade. É atividade que requer competências e habilidades dos atores sociais envolvidos nesse processo de construção coletiva.</p>
<p style="text-align: justify">Tem como propósito identificar potencialidades e fragilidades, e destacar pontos fortes e fracos no processo de aprendizagem, tendo como referências o Projeto Pedagógico Institucional – PPI, o Plano de Desenvolvimento Institucional – PDI e os Projetos Pedagógicos dos Cursos de graduação &#8211; PPCs</p>
<p style="text-align: justify"><strong>3. Amparo legal e dimensões avaliativas</strong></p>
<p style="text-align: justify">A lei federal nº 10.861, de 14 de abril de 2004, instituiu o Sistema Nacional de Avaliação da Educação Superior – SINAES, que prevê a avaliação interna e externa das instituições de ensino superior, dos cursos de graduação e do desempenho acadêmico dos estudantes.</p>
<p style="text-align: justify">No item da avaliação interna, o SINAES preconiza, que as universidades tenham na sua estrutura administrativa uma comissão própria de avaliação, a quem compete criar os instrumentos e proceder à avaliação da Instituição de Ensino Superior – IES em dez dimensões institucionais:</p>
<p style="text-align: justify">1) a missão e o Plano de Desenvolvimento Institucional – PDI;</p>
<p style="text-align: justify">2) Perspectiva científica e pedagógica formadora: políticas, normas e estímulos para o ensino, a pesquisa e a extensão;</p>
<p style="text-align: justify">3) Responsabilidade social da IES;</p>
<p style="text-align: justify">4) Comunicação com a sociedade;</p>
<p style="text-align: justify">5) Políticas de pessoal, carreira, aperfeiçoamento, condições de trabalho;</p>
<p style="text-align: justify">6) Organização e gestão da instituição;</p>
<p style="text-align: justify">7) Infra-estrutura física e recursos de apoio;</p>
<p style="text-align: justify">8) Planejamento e avaliação;</p>
<p style="text-align: justify">9) Políticas de atendimento aos estudantes;</p>
<p style="text-align: justify">10) Sustentabilidade financeira.</p>
<p><img loading="lazy" decoding="async" class="aligncenter wp-image-138 size-full img-responsive" src="https://comissoes.uepb.edu.br/cpa/wp-content/uploads/sites/4/2019/05/Dimensões-Sinaes.jpg" alt="" width="960" height="720" srcset="https://comissoes.uepb.edu.br/cpa/wp-content/uploads/sites/4/2019/05/Dimensões-Sinaes.jpg 960w, https://comissoes.uepb.edu.br/cpa/wp-content/uploads/sites/4/2019/05/Dimensões-Sinaes-300x225.jpg 300w, https://comissoes.uepb.edu.br/cpa/wp-content/uploads/sites/4/2019/05/Dimensões-Sinaes-768x576.jpg 768w, https://comissoes.uepb.edu.br/cpa/wp-content/uploads/sites/4/2019/05/Dimensões-Sinaes-370x278.jpg 370w, https://comissoes.uepb.edu.br/cpa/wp-content/uploads/sites/4/2019/05/Dimensões-Sinaes-840x630.jpg 840w" sizes="auto, (max-width: 960px) 100vw, 960px" /></p>
<p style="text-align: justify">A avaliação externa será procedida por uma comissão nomeada pelo Ministério da Educação, que visitará oportunamente a universidade e tomará ciência junto à Comissão Institucional de Avaliação da UEPB sobre os processos avaliativos desenvolvidos e seus encaminhamentos.</p>
<p style="text-align: justify"><strong>4. Projeto de avaliação e socialização da idéia</strong></p>
<p style="text-align: justify">A atual comissão de avaliação da UEPB encontra-se debruçada na construção de seu projeto de avaliação, que elencará, dentre as dez dimensões avaliativas previstas pelo SINAES, aquelas que constituirão as etapas iniciais dos trabalhos, discriminando ainda a metodologia das ações e os instrumentos técnicos necessários.</p>
<p style="text-align: justify">Paralelamente, a comissão criará fóruns de discussão sobre avaliação institucional, como forma de fomentar na UEPB a cultura da avaliação.</p>
<p style="text-align: justify"><strong>5. Compromisso de todos</strong></p>
<p style="text-align: justify">O sucesso da autoavaliação depende fundamentalmente da compreensão de todos, docentes, discentes, servidores técnico-administrativos, e do compromisso assumido em otimizar sempre a qualidade dos trabalhos produzidos na UEPB.</p>
<p> [/vc_column_text][/vc_column][/vc_row]</p>
</div>

<p>[vc_row][vc_column][vc_column_text css=&#8221;&#8221;] CPA &#8211; Comissão Própria de Avaliação da Universidade Estadual da Paraíba Apresentação Sobre a CPA / UEPB 1. Histórico e objetivos Desde 1996 a Universidade Estadual da Paraíba tem investido sistematicamente em políticas de autoavaliação. A primeira Comissão Própria de Avaliação, instituída naquele ano, seguiram-se outras, dando continuidade a diversas ações, desde a <a class="leiamais" href="https://comissoes.uepb.edu.br/cpa/apresentacao/">Leia Mais&#8230;</a></p>
