{"id":355,"date":"2024-04-22T11:04:34","date_gmt":"2024-04-22T14:04:34","guid":{"rendered":"https:\/\/comissoes.uepb.edu.br\/ciast\/?page_id=355"},"modified":"2024-04-22T11:10:35","modified_gmt":"2024-04-22T14:10:35","slug":"pagina-inicial","status":"publish","type":"page","link":"https:\/\/comissoes.uepb.edu.br\/ciast\/","title":{"rendered":"P\u00e1gina Inicial"},"content":{"rendered":"<div class=\"wpb-content-wrapper\"><p>[vc_row][vc_column width=&#8221;2\/3&#8243;][vc_text_separator title=&#8221;\u00daltimas Not\u00edcias&#8221; i_icon_fontawesome=&#8221;fas fa-angle-double-right&#8221; i_color=&#8221;custom&#8221; title_align=&#8221;separator_align_left&#8221; add_icon=&#8221;true&#8221; i_custom_color=&#8221;#cc0000&#8243;]<div class=\"mdl-grid\"><div class=\"mdl-cell--6-col mdl-cell--6-col-tablet mdl-cell--12-col-phone bloco-noticias\"><div class=\"titulo-noticia-widget\"><a href=\"https:\/\/comissoes.uepb.edu.br\/ciast\/parceria-ciast-saude-do-trabalhador-e-servico-social-dao-inicio-a-ciclo-de-acoes-voltadas-para-servidores\/\"><h3 class=\"titulo-destaque-noticia\">Parceria: CIAST, Sa\u00fade do Trabalhador e Servi\u00e7o Social d\u00e3o in\u00edcio a ciclo de a\u00e7\u00f5es voltadas para servidores<\/h3><\/a><\/div><div class=\"titulo-noticia-widget\"><a href=\"https:\/\/comissoes.uepb.edu.br\/ciast\/encerramento-do-abril-verde-mostra-acoes-de-prevencao-e-alerta-sobre-perigos-de-acidentes-de-trabalho\/\"><h3 class=\"titulo-destaque-noticia\">Encerramento do Abril Verde mostra a\u00e7\u00f5es de preven\u00e7\u00e3o e alerta sobre perigos de acidentes de trabalho<\/h3><\/a><\/div><div class=\"titulo-noticia-widget\"><a href=\"https:\/\/comissoes.uepb.edu.br\/ciast\/saude-do-trabalhador-encerra-ciclo-de-treinamentos-de-2023-com-mais-de-110-servidores-capacitados\/\"><h3 class=\"titulo-destaque-noticia\">Sa\u00fade do Trabalhador encerra ciclo de treinamentos de 2023 com mais de 110 servidores capacitados<\/h3><\/a><\/div><div class=\"titulo-noticia-widget\"><a href=\"https:\/\/comissoes.uepb.edu.br\/ciast\/comissao-interdisciplinar-de-atencao-integral-a-saude-e-seguranca-do-trabalho-inicia-nova-gestao\/\"><h3 class=\"titulo-destaque-noticia\">Comiss\u00e3o Interdisciplinar de Aten\u00e7\u00e3o Integral \u00e0 Sa\u00fade e Seguran\u00e7a do Trabalho inicia nova gest\u00e3o<\/h3><\/a><\/div><div class=\"titulo-noticia-widget\"><a href=\"https:\/\/comissoes.uepb.edu.br\/ciast\/campanha-abril-verde-tem-inicio-com-atividades-sobre-a-importancia-da-seguranca-no-ambiente-de-trabalho\/\"><h3 class=\"titulo-destaque-noticia\">Campanha Abril Verde tem in\u00edcio com atividades sobre a import\u00e2ncia da seguran\u00e7a no ambiente de trabalho<\/h3><\/a><\/div><\/div><div class=\"mdl-cell--6-col mdl-cell--6-col-tablet mdl-cell--12-col-phone bloco-noticias\"><div class=\"titulo-noticia-widget\"><a href=\"https:\/\/comissoes.uepb.edu.br\/ciast\/pro-reitoria-de-gestao-de-pessoas-promove-roda-de-conversa-sobre-os-desafios-do-trabalho-remoto-2\/\"><h3 class=\"titulo-destaque-noticia\">Pr\u00f3-Reitoria de Gest\u00e3o de Pessoas promove roda de conversa sobre os desafios do trabalho remoto<\/h3><\/a><\/div><div class=\"titulo-noticia-widget\"><a href=\"https:\/\/comissoes.uepb.edu.br\/ciast\/pro-reitoria-de-gestao-de-pessoas-promove-roda-de-conversa-sobre-os-desafios-do-trabalho-remoto\/\"><h3 class=\"titulo-destaque-noticia\">Pr\u00f3-Reitoria de Gest\u00e3o de Pessoas promove roda de conversa sobre os desafios do trabalho remoto<\/h3><\/a><\/div><div class=\"titulo-noticia-widget\"><a href=\"https:\/\/comissoes.uepb.edu.br\/ciast\/comissao-interdisciplinar-de-atencao-integral-a-seguranca-do-trabalho-apresenta-cartilha-sobre-saude-mental-2\/\"><h3 class=\"titulo-destaque-noticia\">Comiss\u00e3o Interdisciplinar de Aten\u00e7\u00e3o Integral \u00e0 Seguran\u00e7a do Trabalho apresenta cartilha sobre sa\u00fade mental<\/h3><\/a><\/div><div class=\"titulo-noticia-widget\"><a href=\"https:\/\/comissoes.uepb.edu.br\/ciast\/comissao-interdisciplinar-de-atencao-integral-a-seguranca-do-trabalho-apresenta-cartilha-sobre-saude-mental\/\"><h3 class=\"titulo-destaque-noticia\">Comiss\u00e3o Interdisciplinar de Aten\u00e7\u00e3o Integral \u00e0 Seguran\u00e7a do Trabalho apresenta cartilha sobre sa\u00fade mental<\/h3><\/a><\/div><div class=\"titulo-noticia-widget\"><a href=\"https:\/\/comissoes.uepb.edu.br\/ciast\/comissao-interdisciplinar-de-atencao-a-saude-do-trabalhador-realiza-webinar-dentro-da-campanha-abril-verde-2\/\"><h3 class=\"titulo-destaque-noticia\">Comiss\u00e3o Interdisciplinar de Aten\u00e7\u00e3o \u00e0 Sa\u00fade do Trabalhador realiza webinar dentro da campanha Abril Verde<\/h3><\/a><\/div><\/div><\/div>[\/vc_column][vc_column width=&#8221;1\/3&#8243;][vc_text_separator title=&#8221;Links \u00dateis&#8221; i_icon_fontawesome=&#8221;fas fa-angle-double-right&#8221; i_color=&#8221;custom&#8221; title_align=&#8221;separator_align_left&#8221; add_icon=&#8221;true&#8221; i_custom_color=&#8221;#cc0000&#8243;][vc_btn title=&#8221;UEPB&#8221; style=&#8221;flat&#8221; shape=&#8221;square&#8221; color=&#8221;danger&#8221; size=&#8221;lg&#8221; align=&#8221;left&#8221; button_block=&#8221;true&#8221; link=&#8221;url:https%3A%2F%2Fuepb.edu.br|target:_blank&#8221; css=&#8221;.vc_custom_1713795035037{margin-bottom: 10px !important;}&#8221;][\/vc_column][\/vc_row]<\/p>\n<\/div>","protected":false},"excerpt":{"rendered":"<p>[vc_row][vc_column width=&#8221;2\/3&#8243;][vc_text_separator title=&#8221;\u00daltimas Not\u00edcias&#8221; i_icon_fontawesome=&#8221;fas fa-angle-double-right&#8221; i_color=&#8221;custom&#8221; title_align=&#8221;separator_align_left&#8221; add_icon=&#8221;true&#8221; i_custom_color=&#8221;#cc0000&#8243;][\/vc_column][vc_column width=&#8221;1\/3&#8243;][vc_text_separator title=&#8221;Links \u00dateis&#8221; i_icon_fontawesome=&#8221;fas fa-angle-double-right&#8221; i_color=&#8221;custom&#8221; title_align=&#8221;separator_align_left&#8221; add_icon=&#8221;true&#8221; i_custom_color=&#8221;#cc0000&#8243;][vc_btn title=&#8221;UEPB&#8221; style=&#8221;flat&#8221; shape=&#8221;square&#8221; color=&#8221;danger&#8221; size=&#8221;lg&#8221; align=&#8221;left&#8221; button_block=&#8221;true&#8221; link=&#8221;url:https%3A%2F%2Fuepb.edu.br|target:_blank&#8221; css=&#8221;.vc_custom_1713795035037{margin-bottom: 10px !important;}&#8221;][\/vc_column][\/vc_row]<\/p>\n","protected":false},"author":13,"featured_media":0,"parent":0,"menu_order":0,"comment_status":"closed","ping_status":"closed","template":"","meta":{"_acf_changed":false,"jetpack_post_was_ever_published":false,"footnotes":""},"class_list":["post-355","page","type-page","status-publish","hentry"],"acf":[],"jetpack_sharing_enabled":true,"jetpack_shortlink":"https:\/\/wp.me\/P7TtJV-5J","_links":{"self":[{"href":"https:\/\/comissoes.uepb.edu.br\/ciast\/wp-json\/wp\/v2\/pages\/355","targetHints":{"allow":["GET"]}}],"collection":[{"href":"https:\/\/comissoes.uepb.edu.br\/ciast\/wp-json\/wp\/v2\/pages"}],"about":[{"href":"https:\/\/comissoes.uepb.edu.br\/ciast\/wp-json\/wp\/v2\/types\/page"}],"author":[{"embeddable":true,"href":"https:\/\/comissoes.uepb.edu.br\/ciast\/wp-json\/wp\/v2\/users\/13"}],"replies":[{"embeddable":true,"href":"https:\/\/comissoes.uepb.edu.br\/ciast\/wp-json\/wp\/v2\/comments?post=355"}],"version-history":[{"count":4,"href":"https:\/\/comissoes.uepb.edu.br\/ciast\/wp-json\/wp\/v2\/pages\/355\/revisions"}],"predecessor-version":[{"id":360,"href":"https:\/\/comissoes.uepb.edu.br\/ciast\/wp-json\/wp\/v2\/pages\/355\/revisions\/360"}],"wp:attachment":[{"href":"https:\/\/comissoes.uepb.edu.br\/ciast\/wp-json\/wp\/v2\/media?parent=355"}],"curies":[{"name":"wp","href":"https:\/\/api.w.org\/{rel}","templated":true}]}}

Página Inicial

<div class="wpb-content-wrapper"><p>[vc_row][vc_column width=&#8221;2/3&#8243;][vc_text_separator title=&#8221;Últimas Notícias&#8221; i_icon_fontawesome=&#8221;fas fa-angle-double-right&#8221; i_color=&#8221;custom&#8221; title_align=&#8221;separator_align_left&#8221; add_icon=&#8221;true&#8221; i_custom_color=&#8221;#cc0000&#8243;]<div class="mdl-grid"><div class="mdl-cell--6-col mdl-cell--6-col-tablet mdl-cell--12-col-phone bloco-noticias"><div class="titulo-noticia-widget"><a href="https://comissoes.uepb.edu.br/ciast/parceria-ciast-saude-do-trabalhador-e-servico-social-dao-inicio-a-ciclo-de-acoes-voltadas-para-servidores/"><h3 class="titulo-destaque-noticia">Parceria: CIAST, Saúde do Trabalhador e Serviço Social dão início a ciclo de ações voltadas para servidores</h3></a></div><div class="titulo-noticia-widget"><a href="https://comissoes.uepb.edu.br/ciast/encerramento-do-abril-verde-mostra-acoes-de-prevencao-e-alerta-sobre-perigos-de-acidentes-de-trabalho/"><h3 class="titulo-destaque-noticia">Encerramento do Abril Verde mostra ações de prevenção e alerta sobre perigos de acidentes de trabalho</h3></a></div><div class="titulo-noticia-widget"><a href="https://comissoes.uepb.edu.br/ciast/saude-do-trabalhador-encerra-ciclo-de-treinamentos-de-2023-com-mais-de-110-servidores-capacitados/"><h3 class="titulo-destaque-noticia">Saúde do Trabalhador encerra ciclo de treinamentos de 2023 com mais de 110 servidores capacitados</h3></a></div><div class="titulo-noticia-widget"><a href="https://comissoes.uepb.edu.br/ciast/comissao-interdisciplinar-de-atencao-integral-a-saude-e-seguranca-do-trabalho-inicia-nova-gestao/"><h3 class="titulo-destaque-noticia">Comissão Interdisciplinar de Atenção Integral à Saúde e Segurança do Trabalho inicia nova gestão</h3></a></div><div class="titulo-noticia-widget"><a href="https://comissoes.uepb.edu.br/ciast/campanha-abril-verde-tem-inicio-com-atividades-sobre-a-importancia-da-seguranca-no-ambiente-de-trabalho/"><h3 class="titulo-destaque-noticia">Campanha Abril Verde tem início com atividades sobre a importância da segurança no ambiente de trabalho</h3></a></div></div><div class="mdl-cell--6-col mdl-cell--6-col-tablet mdl-cell--12-col-phone bloco-noticias"><div class="titulo-noticia-widget"><a href="https://comissoes.uepb.edu.br/ciast/pro-reitoria-de-gestao-de-pessoas-promove-roda-de-conversa-sobre-os-desafios-do-trabalho-remoto-2/"><h3 class="titulo-destaque-noticia">Pró-Reitoria de Gestão de Pessoas promove roda de conversa sobre os desafios do trabalho remoto</h3></a></div><div class="titulo-noticia-widget"><a href="https://comissoes.uepb.edu.br/ciast/pro-reitoria-de-gestao-de-pessoas-promove-roda-de-conversa-sobre-os-desafios-do-trabalho-remoto/"><h3 class="titulo-destaque-noticia">Pró-Reitoria de Gestão de Pessoas promove roda de conversa sobre os desafios do trabalho remoto</h3></a></div><div class="titulo-noticia-widget"><a href="https://comissoes.uepb.edu.br/ciast/comissao-interdisciplinar-de-atencao-integral-a-seguranca-do-trabalho-apresenta-cartilha-sobre-saude-mental-2/"><h3 class="titulo-destaque-noticia">Comissão Interdisciplinar de Atenção Integral à Segurança do Trabalho apresenta cartilha sobre saúde mental</h3></a></div><div class="titulo-noticia-widget"><a href="https://comissoes.uepb.edu.br/ciast/comissao-interdisciplinar-de-atencao-integral-a-seguranca-do-trabalho-apresenta-cartilha-sobre-saude-mental/"><h3 class="titulo-destaque-noticia">Comissão Interdisciplinar de Atenção Integral à Segurança do Trabalho apresenta cartilha sobre saúde mental</h3></a></div><div class="titulo-noticia-widget"><a href="https://comissoes.uepb.edu.br/ciast/comissao-interdisciplinar-de-atencao-a-saude-do-trabalhador-realiza-webinar-dentro-da-campanha-abril-verde-2/"><h3 class="titulo-destaque-noticia">Comissão Interdisciplinar de Atenção à Saúde do Trabalhador realiza webinar dentro da campanha Abril Verde</h3></a></div></div></div>[/vc_column][vc_column width=&#8221;1/3&#8243;][vc_text_separator title=&#8221;Links Úteis&#8221; i_icon_fontawesome=&#8221;fas fa-angle-double-right&#8221; i_color=&#8221;custom&#8221; title_align=&#8221;separator_align_left&#8221; add_icon=&#8221;true&#8221; i_custom_color=&#8221;#cc0000&#8243;][vc_btn title=&#8221;UEPB&#8221; style=&#8221;flat&#8221; shape=&#8221;square&#8221; color=&#8221;danger&#8221; size=&#8221;lg&#8221; align=&#8221;left&#8221; button_block=&#8221;true&#8221; link=&#8221;url:https%3A%2F%2Fuepb.edu.br|target:_blank&#8221; css=&#8221;.vc_custom_1713795035037{margin-bottom: 10px !important;}&#8221;][/vc_column][/vc_row]</p>
</div>

<p>[vc_row][vc_column width=&#8221;2/3&#8243;][vc_text_separator title=&#8221;Últimas Notícias&#8221; i_icon_fontawesome=&#8221;fas fa-angle-double-right&#8221; i_color=&#8221;custom&#8221; title_align=&#8221;separator_align_left&#8221; add_icon=&#8221;true&#8221; i_custom_color=&#8221;#cc0000&#8243;][/vc_column][vc_column width=&#8221;1/3&#8243;][vc_text_separator title=&#8221;Links Úteis&#8221; i_icon_fontawesome=&#8221;fas fa-angle-double-right&#8221; i_color=&#8221;custom&#8221; title_align=&#8221;separator_align_left&#8221; add_icon=&#8221;true&#8221; i_custom_color=&#8221;#cc0000&#8243;][vc_btn title=&#8221;UEPB&#8221; style=&#8221;flat&#8221; shape=&#8221;square&#8221; color=&#8221;danger&#8221; size=&#8221;lg&#8221; align=&#8221;left&#8221; button_block=&#8221;true&#8221; link=&#8221;url:https%3A%2F%2Fuepb.edu.br|target:_blank&#8221; css=&#8221;.vc_custom_1713795035037{margin-bottom: 10px !important;}&#8221;][/vc_column][/vc_row]</p>
