{"id":9,"date":"2021-02-08T15:06:46","date_gmt":"2021-02-08T18:06:46","guid":{"rendered":"https:\/\/comissoes.uepb.edu.br\/ceua\/?page_id=9"},"modified":"2025-08-27T09:13:31","modified_gmt":"2025-08-27T12:13:31","slug":"contato","status":"publish","type":"page","link":"https:\/\/comissoes.uepb.edu.br\/ceua\/contato\/","title":{"rendered":"Contato"},"content":{"rendered":"<div class=\"wpb-content-wrapper\"><p>[vc_row][vc_column][vc_column_text css=&#8221;&#8221;]Maiores informa\u00e7\u00f5es:<\/p>\n<p>Rua Francisco Pinto, 317\u00a0 &#8211; Universit\u00e1rio<\/p>\n<p>Campina Grande &#8211; PB, \u00a0<em>58.109-783<\/em><\/p>\n<p><a href=\"mailto:ceuauepb@gmail.com\" target=\"_blank\" rel=\"noopener\">E-mail:<\/a><a href=\"mailto:ceuauepb@gmail.com\" target=\"_blank\" rel=\"noopener\"> ceua@setor.uepb.edu.br<\/a><\/p>\n<ul>\n<li>Atividades presenciais devem ser agendadas, atrav\u00e9s dos canais de comunica\u00e7\u00e3o da CEUA\/UEPB.<\/li>\n<\/ul>\n<p>&nbsp;<\/p>\n<p>[\/vc_column_text][\/vc_column][\/vc_row]<\/p>\n<\/div>","protected":false},"excerpt":{"rendered":"<p>[vc_row][vc_column][vc_column_text css=&#8221;&#8221;]Maiores informa\u00e7\u00f5es: Rua Francisco Pinto, 317\u00a0 &#8211; Universit\u00e1rio Campina Grande &#8211; PB, \u00a058.109-783 E-mail: ceua@setor.uepb.edu.br Atividades presenciais devem ser agendadas, atrav\u00e9s dos canais de comunica\u00e7\u00e3o da CEUA\/UEPB. &nbsp; [\/vc_column_text][\/vc_column][\/vc_row]<\/p>\n","protected":false},"author":13,"featured_media":0,"parent":0,"menu_order":0,"comment_status":"closed","ping_status":"closed","template":"","meta":{"_acf_changed":false,"footnotes":""},"class_list":["post-9","page","type-page","status-publish","hentry"],"acf":[],"_links":{"self":[{"href":"https:\/\/comissoes.uepb.edu.br\/ceua\/wp-json\/wp\/v2\/pages\/9","targetHints":{"allow":["GET"]}}],"collection":[{"href":"https:\/\/comissoes.uepb.edu.br\/ceua\/wp-json\/wp\/v2\/pages"}],"about":[{"href":"https:\/\/comissoes.uepb.edu.br\/ceua\/wp-json\/wp\/v2\/types\/page"}],"author":[{"embeddable":true,"href":"https:\/\/comissoes.uepb.edu.br\/ceua\/wp-json\/wp\/v2\/users\/13"}],"replies":[{"embeddable":true,"href":"https:\/\/comissoes.uepb.edu.br\/ceua\/wp-json\/wp\/v2\/comments?post=9"}],"version-history":[{"count":17,"href":"https:\/\/comissoes.uepb.edu.br\/ceua\/wp-json\/wp\/v2\/pages\/9\/revisions"}],"predecessor-version":[{"id":761,"href":"https:\/\/comissoes.uepb.edu.br\/ceua\/wp-json\/wp\/v2\/pages\/9\/revisions\/761"}],"wp:attachment":[{"href":"https:\/\/comissoes.uepb.edu.br\/ceua\/wp-json\/wp\/v2\/media?parent=9"}],"curies":[{"name":"wp","href":"https:\/\/api.w.org\/{rel}","templated":true}]}}