{"id":11,"date":"2021-02-08T15:11:42","date_gmt":"2021-02-08T18:11:42","guid":{"rendered":"https:\/\/comissoes.uepb.edu.br\/ceua\/?page_id=11"},"modified":"2026-02-12T10:55:55","modified_gmt":"2026-02-12T13:55:55","slug":"calendario","status":"publish","type":"page","link":"https:\/\/comissoes.uepb.edu.br\/ceua\/calendario\/","title":{"rendered":"Calend\u00e1rio"},"content":{"rendered":"<div class=\"wpb-content-wrapper\"><p>[vc_row][vc_column][vc_column_text css=&#8221;&#8221;]Clique Calend\u00e1rio de Reuni\u00f5es \u2013 CEUA\/2025.2<a href=\"https:\/\/comissoes.uepb.edu.br\/ceua\/download\/768\/\">Calen\u00e1rio CEUA 2026.1<\/a> para baixar o nosso calend\u00e1rio atualizado<\/p>\n<p>Interessados em submeter projetos, que requeiram o uso de animais, devem encaminhar a esta Comiss\u00e3o de \u00c9tica no Uso de Animais &#8211; CEUA, atrav\u00e9s do <a href=\"https:\/\/comissoes.uepb.edu.br\/ceua\/submissao-de-projetos\/\" target=\"_blank\" rel=\"noopener\">site\/projetos\/submiss\u00e3o de projetos<\/a>. Ap\u00f3s an\u00e1lise em reuni\u00e3o ordin\u00e1ria, conforme calend\u00e1rio divulgado, havendo parecer favor\u00e1vel, ser\u00e1 emitido certificado de aprova\u00e7\u00e3o para a realiza\u00e7\u00e3o dos estudos\/experimentos no per\u00edodo compreendido entre o in\u00edcio e o fim do prazo aprovado. Ao final, o pesquisador ter\u00e1 o prazo de <strong>30 dias ap\u00f3s o encerramento<\/strong> da pesquisa para apresentar\u00a0 o<strong> &#8220;Relat\u00f3rio Final&#8221;<\/strong> baseado na conclus\u00e3o do estudo e na incid\u00eancia de publica\u00e7\u00f5es decorrentes deste, de acordo com o disposto na Lei n\u00ba.<a href=\"http:\/\/www.planalto.gov.br\/ccivil_03\/_ato2007-2010\/2008\/lei\/l11794.htm\" target=\"_blank\" rel=\"noopener\"> 11.794<\/a> de 08\/10\/2008, e Resolu\u00e7\u00e3o Normativa n\u00ba. <a href=\"https:\/\/antigo.mctic.gov.br\/mctic\/opencms\/legislacao\/outros_atos\/resolucoes\/migracao\/Resolucao_Normativa_CONCEA_n_1_de_09072010.html\" target=\"_blank\" rel=\"noopener\">01<\/a>, de 09\/07\/2010 do Conselho Nacional de Controle de Experimenta\u00e7\u00e3o Animal-CONCEA.<\/p>\n<p>&nbsp;<\/p>\n<p>[\/vc_column_text][\/vc_column][\/vc_row]<\/p>\n<\/div>","protected":false},"excerpt":{"rendered":"<p>[vc_row][vc_column][vc_column_text css=&#8221;&#8221;]Clique Calend\u00e1rio de Reuni\u00f5es \u2013 CEUA\/2025.2Calen\u00e1rio CEUA 2026.1 para baixar o nosso calend\u00e1rio atualizado Interessados em submeter projetos, que requeiram o uso de animais, devem encaminhar a esta Comiss\u00e3o de \u00c9tica no Uso de Animais &#8211; CEUA, atrav\u00e9s do site\/projetos\/submiss\u00e3o de projetos. Ap\u00f3s an\u00e1lise em reuni\u00e3o ordin\u00e1ria, conforme calend\u00e1rio divulgado, havendo parecer favor\u00e1vel, ser\u00e1 <a class=\"leiamais\" href=\"https:\/\/comissoes.uepb.edu.br\/ceua\/calendario\/\">Leia Mais&#8230;<\/a><\/p>\n","protected":false},"author":13,"featured_media":0,"parent":0,"menu_order":0,"comment_status":"closed","ping_status":"closed","template":"","meta":{"_acf_changed":false,"footnotes":""},"class_list":["post-11","page","type-page","status-publish","hentry"],"acf":[],"_links":{"self":[{"href":"https:\/\/comissoes.uepb.edu.br\/ceua\/wp-json\/wp\/v2\/pages\/11","targetHints":{"allow":["GET"]}}],"collection":[{"href":"https:\/\/comissoes.uepb.edu.br\/ceua\/wp-json\/wp\/v2\/pages"}],"about":[{"href":"https:\/\/comissoes.uepb.edu.br\/ceua\/wp-json\/wp\/v2\/types\/page"}],"author":[{"embeddable":true,"href":"https:\/\/comissoes.uepb.edu.br\/ceua\/wp-json\/wp\/v2\/users\/13"}],"replies":[{"embeddable":true,"href":"https:\/\/comissoes.uepb.edu.br\/ceua\/wp-json\/wp\/v2\/comments?post=11"}],"version-history":[{"count":74,"href":"https:\/\/comissoes.uepb.edu.br\/ceua\/wp-json\/wp\/v2\/pages\/11\/revisions"}],"predecessor-version":[{"id":770,"href":"https:\/\/comissoes.uepb.edu.br\/ceua\/wp-json\/wp\/v2\/pages\/11\/revisions\/770"}],"wp:attachment":[{"href":"https:\/\/comissoes.uepb.edu.br\/ceua\/wp-json\/wp\/v2\/media?parent=11"}],"curies":[{"name":"wp","href":"https:\/\/api.w.org\/{rel}","templated":true}]}}