{"id":8,"date":"2023-06-07T11:27:25","date_gmt":"2023-06-07T14:27:25","guid":{"rendered":"https:\/\/comissoes.uepb.edu.br\/cdbea\/?page_id=8"},"modified":"2025-11-07T10:51:54","modified_gmt":"2025-11-07T13:51:54","slug":"apresentacao","status":"publish","type":"page","link":"https:\/\/comissoes.uepb.edu.br\/cdbea\/","title":{"rendered":"Apresenta\u00e7\u00e3o"},"content":{"rendered":"<div class=\"wpb-content-wrapper\"><p>[vc_row][vc_column el_class=&#8221;conf-azul&#8221; css=&#8221;.vc_custom_1686149241305{padding-bottom: 30px !important;}&#8221;][vc_text_separator title=&#8221;APRESENTA\u00c7\u00c3O&#8221; title_align=&#8221;separator_align_left&#8221; css=&#8221;.vc_custom_1686149225522{margin-top: 30px !important;margin-bottom: 20px !important;}&#8221;][vc_column_text]A Comiss\u00e3o de Direito e Bem-Estar Animal \u2013 CDBEA\/UEPB, vinculada \u00e0 Reitoria, representa uma pol\u00edtica institucional de direito e bem-estar animal da Universidade Estadual da Para\u00edba, regulamentada pela Resolu\u00e7\u00e3o UEPB\/CONSUNI\/018\/2021.<\/p>\n<p>A Comiss\u00e3o tem como miss\u00e3o:<\/p>\n<p>I. Propor e implementar a\u00e7\u00f5es destinadas ao respeito, \u00e0 prote\u00e7\u00e3o, e \u00e0 defesa dos direitos dos animais nos campi da UEPB;<\/p>\n<p>II. Trabalhar a forma\u00e7\u00e3o voltada \u00e0 fortalecer o respeito e v\u00ednculos entre animais e comunidade universit\u00e1ria sobre as quest\u00f5es que envolvem o conv\u00edvio dos animais comunit\u00e1rios, em sua maioria c\u00e3es e gatos, nos diversos espa\u00e7os acad\u00eamicos; por \u00faltimo,<\/p>\n<p>III. Combater o abandono e os maus-tratos animais.<\/p>\n<p>A Comiss\u00e3o \u00e9 composta por Membros da Comunidade Acad\u00eamica, contando com a representa\u00e7\u00e3o de todos os campi da UEPB e com mandato de 02 (dois) anos, sendo 03 (tr\u00eas) Membros indicados pela Reitoria e homologados pelo Consuni; Um Membro titular e respectivo Suplente indicados pelos Centros e homologados pelo COC. O(a) Coordenador(a), e Vice Coordenador(a) e Secret\u00e1rio(a) da CDBEA s\u00e3o escolhidos dentre os componentes da Comiss\u00e3o.[\/vc_column_text][\/vc_column][\/vc_row][vc_row][vc_column]<div class=\"mdl-grid barra-social\"> <div class=\"mdl-cell mdl-cell--4-col mdl-cell--12-col-tablet titulo-rs\" >\r\n                <h3>Sigam-nos em nossas Redes Sociais<\/h3>\r\n            <\/div>\r\n            <div class=\"mdl-cell mdl-cell--2-col mdl-cell--2-col-tablet rs-item\">\r\n                <a href=\"https:\/\/www.facebook.com\/UEPBOficial\/\"><img decoding=\"async\" src=\"https:\/\/comissoes.uepb.edu.br\/cdbea\/wp-content\/themes\/temauepb\/images\/rs-face.png\" class=\"img-responsive imagem-rs\"><\/a>\r\n            <\/div>\r\n            <div class=\"mdl-cell mdl-cell--2-col mdl-cell--2-col-tablet rs-item\">\r\n                <a href=\"https:\/\/www.youtube.com\/RedeUEPB\"><img decoding=\"async\" src=\"https:\/\/comissoes.uepb.edu.br\/cdbea\/wp-content\/themes\/temauepb\/images\/rs-yout.png\" class=\"img-responsive imagem-rs\"><\/a>\r\n            <\/div>\r\n            <div class=\"mdl-cell mdl-cell--2-col mdl-cell--2-col-tablet rs-item\">\r\n                <a href=\"https:\/\/www.instagram.com\/uepboficial\/\"><img decoding=\"async\" src=\"https:\/\/comissoes.uepb.edu.br\/cdbea\/wp-content\/themes\/temauepb\/images\/rs-inst.gif\" class=\"img-responsive imagem-rs\"><\/a>\r\n            <\/div>\r\n            <div class=\"mdl-cell mdl-cell--2-col mdl-cell--2-col-tablet rs-item\">\r\n                <a href=\"https:\/\/twitter.com\/uepbonline\"><img decoding=\"async\" src=\"https:\/\/comissoes.uepb.edu.br\/cdbea\/wp-content\/themes\/temauepb\/images\/rs-twit.png\" class=\"img-responsive imagem-rs\"><\/a>\r\n            <\/div>\r\n           <\/div>[\/vc_column][\/vc_row]<\/p>\n<\/div>","protected":false},"excerpt":{"rendered":"<p>[vc_row][vc_column el_class=&#8221;conf-azul&#8221; css=&#8221;.vc_custom_1686149241305{padding-bottom: 30px !important;}&#8221;][vc_text_separator title=&#8221;APRESENTA\u00c7\u00c3O&#8221; title_align=&#8221;separator_align_left&#8221; css=&#8221;.vc_custom_1686149225522{margin-top: 30px !important;margin-bottom: 20px !important;}&#8221;][vc_column_text]A Comiss\u00e3o de Direito e Bem-Estar Animal \u2013 CDBEA\/UEPB, vinculada \u00e0 Reitoria, representa uma pol\u00edtica institucional de direito e bem-estar animal da Universidade Estadual da Para\u00edba, regulamentada pela Resolu\u00e7\u00e3o UEPB\/CONSUNI\/018\/2021. A Comiss\u00e3o tem como miss\u00e3o: I. Propor e implementar a\u00e7\u00f5es destinadas ao respeito, \u00e0 <a class=\"leiamais\" href=\"https:\/\/comissoes.uepb.edu.br\/cdbea\/\">Leia Mais&#8230;<\/a><\/p>\n","protected":false},"author":9,"featured_media":50,"parent":0,"menu_order":0,"comment_status":"closed","ping_status":"closed","template":"","meta":{"_acf_changed":false,"footnotes":""},"class_list":["post-8","page","type-page","status-publish","has-post-thumbnail","hentry"],"acf":[],"_links":{"self":[{"href":"https:\/\/comissoes.uepb.edu.br\/cdbea\/wp-json\/wp\/v2\/pages\/8","targetHints":{"allow":["GET"]}}],"collection":[{"href":"https:\/\/comissoes.uepb.edu.br\/cdbea\/wp-json\/wp\/v2\/pages"}],"about":[{"href":"https:\/\/comissoes.uepb.edu.br\/cdbea\/wp-json\/wp\/v2\/types\/page"}],"author":[{"embeddable":true,"href":"https:\/\/comissoes.uepb.edu.br\/cdbea\/wp-json\/wp\/v2\/users\/9"}],"replies":[{"embeddable":true,"href":"https:\/\/comissoes.uepb.edu.br\/cdbea\/wp-json\/wp\/v2\/comments?post=8"}],"version-history":[{"count":9,"href":"https:\/\/comissoes.uepb.edu.br\/cdbea\/wp-json\/wp\/v2\/pages\/8\/revisions"}],"predecessor-version":[{"id":92,"href":"https:\/\/comissoes.uepb.edu.br\/cdbea\/wp-json\/wp\/v2\/pages\/8\/revisions\/92"}],"wp:featuredmedia":[{"embeddable":true,"href":"https:\/\/comissoes.uepb.edu.br\/cdbea\/wp-json\/wp\/v2\/media\/50"}],"wp:attachment":[{"href":"https:\/\/comissoes.uepb.edu.br\/cdbea\/wp-json\/wp\/v2\/media?parent=8"}],"curies":[{"name":"wp","href":"https:\/\/api.w.org\/{rel}","templated":true}]}}