{"id":21,"date":"2023-06-07T11:39:31","date_gmt":"2023-06-07T14:39:31","guid":{"rendered":"https:\/\/comissoes.uepb.edu.br\/cdbea\/?page_id=21"},"modified":"2025-11-07T09:39:00","modified_gmt":"2025-11-07T12:39:00","slug":"acoes-realizadas","status":"publish","type":"page","link":"https:\/\/comissoes.uepb.edu.br\/cdbea\/acoes-realizadas\/","title":{"rendered":"A\u00e7\u00f5es realizadas"},"content":{"rendered":"<p align=\"justify\"><img loading=\"lazy\" decoding=\"async\" class=\"size-medium wp-image-72 alignleft img-responsive\" src=\"https:\/\/comissoes.uepb.edu.br\/cdbea\/wp-content\/uploads\/sites\/10\/2025\/11\/CDBEA1-227x300.jpeg\" alt=\"\" width=\"227\" height=\"300\" srcset=\"https:\/\/comissoes.uepb.edu.br\/cdbea\/wp-content\/uploads\/sites\/10\/2025\/11\/CDBEA1-227x300.jpeg 227w, https:\/\/comissoes.uepb.edu.br\/cdbea\/wp-content\/uploads\/sites\/10\/2025\/11\/CDBEA1.jpeg 601w\" sizes=\"auto, (max-width: 227px) 100vw, 227px\" \/>A Comiss\u00e3o de Direito e Bem-Estar Animal (CDBEA) da Universidade Estadual da Para\u00edba (UEPB) realizou, na quinta-feira (9), uma reuni\u00e3o com a Dire\u00e7\u00e3o do C\u00e2mpus III, em Guarabira, para discutir a situa\u00e7\u00e3o dos c\u00e3es e gatos comunit\u00e1rios que vivem nas depend\u00eancias do Centro de Humanidades (CH).<\/p>\n<p align=\"justify\">O encontro contou com a presen\u00e7a da diretora, professora Maria de F\u00e1tima de Souza Aquino; da representante da CDBEA em Guarabira, Luciana Nascimento; al\u00e9m das representantes da Comiss\u00e3o do C\u00e2mpus I, a coordenadora Luciana Medeiros, Iris Barreto, Juliana Beserra e Carolina Cavalcanti Bezerra. Tamb\u00e9m participaram do encontro os estudantes do projeto de extens\u00e3o coordenado pela professora Luciana Nascimento e a t\u00e9cnica administrativa Aldiany Luna.<\/p>\n<p align=\"justify\">Antes da reuni\u00e3o, foi realizada uma visita \u00e0s depend\u00eancias do C\u00e2mpus, com o objetivo de conhecer de perto as \u00e1reas onde os animais vivem ou costumam permanecer durante o dia e as condi\u00e7\u00f5es de abrigo e alimenta\u00e7\u00e3o atualmente fornecidas pela comunidade acad\u00eamica. A coordena\u00e7\u00e3o da CDBEA ouviu as demandas do C\u00e2mpus relacionadas ao manejo de c\u00e3es e gatos que precisam de castra\u00e7\u00f5es, e a promo\u00e7\u00e3o de uma conviv\u00eancia harmoniosa com a comunidade acad\u00eamica.<img loading=\"lazy\" decoding=\"async\" class=\"size-medium wp-image-70 alignright img-responsive\" src=\"https:\/\/comissoes.uepb.edu.br\/cdbea\/wp-content\/uploads\/sites\/10\/2025\/11\/CDBEA3-225x300.jpeg\" alt=\"\" width=\"225\" height=\"300\" srcset=\"https:\/\/comissoes.uepb.edu.br\/cdbea\/wp-content\/uploads\/sites\/10\/2025\/11\/CDBEA3-225x300.jpeg 225w, https:\/\/comissoes.uepb.edu.br\/cdbea\/wp-content\/uploads\/sites\/10\/2025\/11\/CDBEA3.jpeg 597w\" sizes=\"auto, (max-width: 225px) 100vw, 225px\" \/><\/p>\n<p align=\"justify\">Tamb\u00e9m foram discutidas preocupa\u00e7\u00f5es quanto ao abandono de animais e \u00e0 situa\u00e7\u00e3o das comunidades mais vulner\u00e1veis ao entorno do Centro de Humanidades, onde h\u00e1 uma grande popula\u00e7\u00e3o de animais sem acesso aos cuidados b\u00e1sicos, como tamb\u00e9m a quest\u00e3o do descontrole populacional. Ap\u00f3s a realiza\u00e7\u00e3o do levantamento populacional e diante dessa preocupa\u00e7\u00e3o, o vereador Ramon Menezes, que foi convidado a participar da reuni\u00e3o, comprometeu-se a trazer o Castram\u00f3vel, do Programa Para\u00edba Pet, para viabilizar a castra\u00e7\u00e3o de todos os animais do C\u00e2mpus de Guarabira.<img loading=\"lazy\" decoding=\"async\" class=\" wp-image-71 alignleft img-responsive\" src=\"https:\/\/comissoes.uepb.edu.br\/cdbea\/wp-content\/uploads\/sites\/10\/2025\/11\/CDBEA2-224x300.jpeg\" alt=\"\" width=\"167\" height=\"224\" srcset=\"https:\/\/comissoes.uepb.edu.br\/cdbea\/wp-content\/uploads\/sites\/10\/2025\/11\/CDBEA2-224x300.jpeg 224w, https:\/\/comissoes.uepb.edu.br\/cdbea\/wp-content\/uploads\/sites\/10\/2025\/11\/CDBEA2.jpeg 595w\" sizes=\"auto, (max-width: 167px) 100vw, 167px\" \/><\/p>\n<p align=\"justify\">Os Castram\u00f3veis s\u00e3o ve\u00edculos adaptados, como trailers ou micro-\u00f4nibus, que circulam pelos munic\u00edpios para realizar o procedimento de forma gratuita, com o objetivo de controlar a popula\u00e7\u00e3o de animais e prevenir doen\u00e7as e zoonoses. Outros encaminhamentos tamb\u00e9m foram deliberados, como a realiza\u00e7\u00e3o de a\u00e7\u00f5es em parceria com a pr\u00f3pria prefeitura do munic\u00edpio de Guarabira, por meio do parlamentar, como a realiza\u00e7\u00e3o de uma audi\u00eancia p\u00fablica que trate da causa animal.<\/p>\n<p align=\"justify\">Publicado originalmente em: <a href=\"https:\/\/uepb.edu.br\/comissao-de-direito-e-bem-estar-animal-planeja-acoes-sobre-manejo-comunitario-no-campus-iii\/\">https:\/\/uepb.edu.br\/comissao-de-direito-e-bem-estar-animal-planeja-acoes-sobre-manejo-comunitario-no-campus-iii\/<\/a><\/p>\n","protected":false},"excerpt":{"rendered":"<p>A Comiss\u00e3o de Direito e Bem-Estar Animal (CDBEA) da Universidade Estadual da Para\u00edba (UEPB) realizou, na quinta-feira (9), uma reuni\u00e3o com a Dire\u00e7\u00e3o do C\u00e2mpus III, em Guarabira, para discutir a situa\u00e7\u00e3o dos c\u00e3es e gatos comunit\u00e1rios que vivem nas depend\u00eancias do Centro de Humanidades (CH). O encontro contou com a presen\u00e7a da diretora, professora <a class=\"leiamais\" href=\"https:\/\/comissoes.uepb.edu.br\/cdbea\/acoes-realizadas\/\">Leia Mais&#8230;<\/a><\/p>\n","protected":false},"author":9,"featured_media":0,"parent":0,"menu_order":0,"comment_status":"closed","ping_status":"closed","template":"","meta":{"_acf_changed":false,"footnotes":""},"class_list":["post-21","page","type-page","status-publish","hentry"],"acf":[],"_links":{"self":[{"href":"https:\/\/comissoes.uepb.edu.br\/cdbea\/wp-json\/wp\/v2\/pages\/21","targetHints":{"allow":["GET"]}}],"collection":[{"href":"https:\/\/comissoes.uepb.edu.br\/cdbea\/wp-json\/wp\/v2\/pages"}],"about":[{"href":"https:\/\/comissoes.uepb.edu.br\/cdbea\/wp-json\/wp\/v2\/types\/page"}],"author":[{"embeddable":true,"href":"https:\/\/comissoes.uepb.edu.br\/cdbea\/wp-json\/wp\/v2\/users\/9"}],"replies":[{"embeddable":true,"href":"https:\/\/comissoes.uepb.edu.br\/cdbea\/wp-json\/wp\/v2\/comments?post=21"}],"version-history":[{"count":4,"href":"https:\/\/comissoes.uepb.edu.br\/cdbea\/wp-json\/wp\/v2\/pages\/21\/revisions"}],"predecessor-version":[{"id":90,"href":"https:\/\/comissoes.uepb.edu.br\/cdbea\/wp-json\/wp\/v2\/pages\/21\/revisions\/90"}],"wp:attachment":[{"href":"https:\/\/comissoes.uepb.edu.br\/cdbea\/wp-json\/wp\/v2\/media?parent=21"}],"curies":[{"name":"wp","href":"https:\/\/api.w.org\/{rel}","templated":true}]}}